Last updated on 2022-04-24 03:52:30 CEST.
Flavor | Version | Tinstall | Tcheck | Ttotal | Status | Flags |
---|---|---|---|---|---|---|
r-devel-linux-x86_64-debian-clang | 0.3.0 | 200.25 | 389.26 | 589.51 | OK | |
r-devel-linux-x86_64-debian-gcc | 0.3.0 | 151.69 | 280.00 | 431.69 | OK | |
r-devel-linux-x86_64-fedora-clang | 0.3.0 | 745.95 | NOTE | |||
r-devel-linux-x86_64-fedora-gcc | 0.3.0 | 688.30 | OK | |||
r-patched-linux-x86_64 | 0.3.0 | 142.74 | 363.85 | 506.59 | OK | |
r-release-linux-x86_64 | 0.3.0 | 166.73 | 351.09 | 517.82 | OK | |
r-release-macos-arm64 | 0.3.0 | NOTE | ||||
r-release-macos-x86_64 | 0.3.0 | NOTE | ||||
r-release-windows-x86_64 | 0.3.0 | 163.00 | 429.00 | 592.00 | NOTE | |
r-oldrel-macos-arm64 | 0.3.0 | NOTE | ||||
r-oldrel-macos-x86_64 | 0.3.0 | NOTE | ||||
r-oldrel-windows-ix86+x86_64 | 0.3.0 | 306.00 | 676.00 | 982.00 | NOTE |
Version: 0.3.0
Check: installed package size
Result: NOTE
installed size is 11.1Mb
sub-directories of 1Mb or more:
R 2.7Mb
data 2.4Mb
libs 4.1Mb
Flavors: r-devel-linux-x86_64-fedora-clang, r-release-macos-arm64, r-release-macos-x86_64, r-release-windows-x86_64, r-oldrel-macos-arm64, r-oldrel-macos-x86_64, r-oldrel-windows-ix86+x86_64