Last updated on 2022-04-24 03:52:30 CEST.
Flavor | Version | Tinstall | Tcheck | Ttotal | Status | Flags |
---|---|---|---|---|---|---|
r-devel-linux-x86_64-debian-clang | 3.4.0 | 8.54 | 48.58 | 57.12 | OK | |
r-devel-linux-x86_64-debian-gcc | 3.4.0 | 6.17 | 37.07 | 43.24 | OK | |
r-devel-linux-x86_64-fedora-clang | 3.4.0 | 70.56 | NOTE | |||
r-devel-linux-x86_64-fedora-gcc | 3.4.0 | 58.09 | OK | |||
r-patched-linux-x86_64 | 3.4.0 | 8.49 | 46.50 | 54.99 | OK | |
r-release-linux-x86_64 | 3.4.0 | 8.37 | 45.93 | 54.30 | OK | |
r-release-macos-arm64 | 3.4.0 | OK | ||||
r-release-macos-x86_64 | 3.4.0 | OK | ||||
r-release-windows-x86_64 | 3.4.0 | 52.00 | 71.00 | 123.00 | OK | |
r-oldrel-macos-arm64 | 3.4.0 | OK | ||||
r-oldrel-macos-x86_64 | 3.4.0 | OK | ||||
r-oldrel-windows-ix86+x86_64 | 3.4.0 | 30.00 | 71.00 | 101.00 | OK |
Version: 3.4.0
Check: Rd cross-references
Result: NOTE
Undeclared package ‘rgdal’ in Rd xrefs
Flavor: r-devel-linux-x86_64-fedora-clang