Last updated on 2022-04-24 03:52:30 CEST.
Flavor | Version | Tinstall | Tcheck | Ttotal | Status | Flags |
---|---|---|---|---|---|---|
r-devel-linux-x86_64-debian-clang | 0.1.1 | 4.42 | 31.03 | 35.45 | OK | |
r-devel-linux-x86_64-debian-gcc | 0.1.1 | 2.78 | 24.48 | 27.26 | OK | |
r-devel-linux-x86_64-fedora-clang | 0.1.1 | 43.71 | NOTE | |||
r-devel-linux-x86_64-fedora-gcc | 0.1.1 | 32.04 | NOTE | |||
r-patched-linux-x86_64 | 0.1.1 | 3.76 | 30.85 | 34.61 | OK | |
r-release-linux-x86_64 | 0.1.1 | 3.53 | 30.00 | 33.53 | OK | |
r-release-macos-arm64 | 0.1.1 | NOTE | ||||
r-release-macos-x86_64 | 0.1.1 | NOTE | ||||
r-release-windows-x86_64 | 0.1.1 | 28.00 | 49.00 | 77.00 | OK | |
r-oldrel-macos-arm64 | 0.1.1 | NOTE | ||||
r-oldrel-macos-x86_64 | 0.1.1 | NOTE | ||||
r-oldrel-windows-ix86+x86_64 | 0.1.1 | 8.00 | 37.00 | 45.00 | OK |
Version: 0.1.1
Check: data for non-ASCII characters
Result: NOTE
Note: found 996 marked UTF-8 strings
Flavors: r-devel-linux-x86_64-fedora-clang, r-devel-linux-x86_64-fedora-gcc, r-release-macos-arm64, r-release-macos-x86_64, r-oldrel-macos-arm64, r-oldrel-macos-x86_64