Last updated on 2022-04-24 03:52:30 CEST.
Flavor | Version | Tinstall | Tcheck | Ttotal | Status | Flags |
---|---|---|---|---|---|---|
r-devel-linux-x86_64-debian-clang | 1.0.2 | 5.93 | 48.12 | 54.05 | OK | |
r-devel-linux-x86_64-debian-gcc | 1.0.2 | 5.22 | 36.93 | 42.15 | OK | |
r-devel-linux-x86_64-fedora-clang | 1.0.2 | 66.77 | NOTE | |||
r-devel-linux-x86_64-fedora-gcc | 1.0.2 | 53.09 | NOTE | |||
r-patched-linux-x86_64 | 1.0.2 | 6.33 | 45.80 | 52.13 | OK | |
r-release-linux-x86_64 | 1.0.2 | 5.77 | 44.40 | 50.17 | OK | |
r-release-macos-arm64 | 1.0.2 | NOTE | ||||
r-release-macos-x86_64 | 1.0.2 | NOTE | ||||
r-release-windows-x86_64 | 1.0.2 | 14.00 | 66.00 | 80.00 | OK | |
r-oldrel-macos-arm64 | 1.0.2 | NOTE | ||||
r-oldrel-macos-x86_64 | 1.0.2 | NOTE | ||||
r-oldrel-windows-ix86+x86_64 | 1.0.2 | 12.00 | 53.00 | 65.00 | OK |
Version: 1.0.2
Check: data for non-ASCII characters
Result: NOTE
Note: found 1763 marked UTF-8 strings
Flavors: r-devel-linux-x86_64-fedora-clang, r-devel-linux-x86_64-fedora-gcc, r-release-macos-arm64, r-release-macos-x86_64, r-oldrel-macos-arm64, r-oldrel-macos-x86_64