Last updated on 2022-04-24 03:52:30 CEST.
Flavor | Version | Tinstall | Tcheck | Ttotal | Status | Flags |
---|---|---|---|---|---|---|
r-devel-linux-x86_64-debian-clang | 0.5.3 | 4.01 | 71.13 | 75.14 | OK | |
r-devel-linux-x86_64-debian-gcc | 0.5.3 | 3.09 | 54.81 | 57.90 | OK | |
r-devel-linux-x86_64-fedora-clang | 0.5.3 | 89.50 | NOTE | |||
r-devel-linux-x86_64-fedora-gcc | 0.5.3 | 77.29 | NOTE | |||
r-patched-linux-x86_64 | 0.5.3 | 4.29 | 68.58 | 72.87 | OK | |
r-release-linux-x86_64 | 0.5.3 | 3.26 | 65.52 | 68.78 | OK | |
r-release-macos-arm64 | 0.5.3 | NOTE | ||||
r-release-macos-x86_64 | 0.5.3 | NOTE | ||||
r-release-windows-x86_64 | 0.5.3 | 24.00 | 102.00 | 126.00 | OK | |
r-oldrel-macos-arm64 | 0.5.3 | NOTE | ||||
r-oldrel-macos-x86_64 | 0.5.3 | NOTE | ||||
r-oldrel-windows-ix86+x86_64 | 0.5.3 | 9.00 | 86.00 | 95.00 | OK |
Version: 0.5.3
Check: data for non-ASCII characters
Result: NOTE
Note: found 55 marked UTF-8 strings
Flavors: r-devel-linux-x86_64-fedora-clang, r-devel-linux-x86_64-fedora-gcc, r-release-macos-arm64, r-release-macos-x86_64, r-oldrel-macos-arm64, r-oldrel-macos-x86_64