Last updated on 2022-04-24 03:52:30 CEST.
Flavor | Version | Tinstall | Tcheck | Ttotal | Status | Flags |
---|---|---|---|---|---|---|
r-devel-linux-x86_64-debian-clang | 0.1.2 | 27.79 | 184.76 | 212.55 | OK | |
r-devel-linux-x86_64-debian-gcc | 0.1.2 | 22.31 | 137.86 | 160.17 | OK | |
r-devel-linux-x86_64-fedora-clang | 0.1.2 | 252.13 | NOTE | |||
r-devel-linux-x86_64-fedora-gcc | 0.1.2 | 235.70 | NOTE | |||
r-patched-linux-x86_64 | 0.1.2 | 28.32 | 173.92 | 202.24 | OK | |
r-release-linux-x86_64 | 0.1.2 | 25.86 | 166.06 | 191.92 | OK | |
r-release-macos-arm64 | 0.1.2 | NOTE | ||||
r-release-macos-x86_64 | 0.1.2 | NOTE | ||||
r-release-windows-x86_64 | 0.1.2 | 45.00 | 178.00 | 223.00 | NOTE | |
r-oldrel-macos-arm64 | 0.1.2 | NOTE | ||||
r-oldrel-macos-x86_64 | 0.1.2 | NOTE | ||||
r-oldrel-windows-ix86+x86_64 | 0.1.2 | 56.00 | 180.00 | 236.00 | NOTE |
Version: 0.1.2
Check: installed package size
Result: NOTE
installed size is 5.2Mb
sub-directories of 1Mb or more:
data 5.0Mb
Flavors: r-devel-linux-x86_64-fedora-clang, r-release-macos-arm64, r-release-macos-x86_64, r-release-windows-x86_64, r-oldrel-macos-arm64, r-oldrel-macos-x86_64, r-oldrel-windows-ix86+x86_64
Version: 0.1.2
Check: data for non-ASCII characters
Result: NOTE
Note: found 521 marked UTF-8 strings
Flavors: r-devel-linux-x86_64-fedora-clang, r-devel-linux-x86_64-fedora-gcc, r-release-macos-arm64, r-release-macos-x86_64, r-oldrel-macos-arm64, r-oldrel-macos-x86_64