Last updated on 2022-04-24 03:52:30 CEST.
Flavor | Version | Tinstall | Tcheck | Ttotal | Status | Flags |
---|---|---|---|---|---|---|
r-devel-linux-x86_64-debian-clang | 0.4.1 | 7.56 | 536.88 | 544.44 | ERROR | |
r-devel-linux-x86_64-debian-gcc | 0.4.1 | 5.79 | 365.60 | 371.39 | ERROR | |
r-devel-linux-x86_64-fedora-clang | 0.4.1 | 591.61 | ERROR | |||
r-devel-linux-x86_64-fedora-gcc | 0.4.1 | 589.68 | ERROR | |||
r-patched-linux-x86_64 | 0.4.1 | 6.12 | 467.89 | 474.01 | OK | |
r-release-linux-x86_64 | 0.4.1 | 6.88 | 479.02 | 485.90 | OK | |
r-release-macos-arm64 | 0.4.1 | OK | ||||
r-release-macos-x86_64 | 0.4.1 | OK | ||||
r-release-windows-x86_64 | 0.4.1 | 441.00 | 344.00 | 785.00 | OK | |
r-oldrel-macos-arm64 | 0.4.1 | OK | ||||
r-oldrel-macos-x86_64 | 0.4.1 | OK | ||||
r-oldrel-windows-ix86+x86_64 | 0.4.1 | 12.00 | 387.00 | 399.00 | OK |
Version: 0.4.1
Check: tests
Result: ERROR
Running 'spelling.R' [0s/1s]
Running 'testthat.R' [432s/250s]
Running the tests in 'tests/testthat.R' failed.
Complete output:
> library(testthat)
> library(marginaleffects)
> library(margins)
>
> test_check("marginaleffects")
Starting 2 test processes
[ FAIL 1 | WARN 0 | SKIP 20 | PASS 599 ]
== Skipped tests ===============================================================
* Installed insight is version 0.17.0; but 0.17.1 is required (3)
* On CRAN (12)
* cmdstanr cannot be loaded (1)
* emmeans does not support `mblogit` (1)
* gam: marginalmeans != emmeans (1)
* modelbased cannot be loaded (1)
* unsupported data argument in get_predicted.lrm (1)
== Failed tests ================================================================
-- Failure (test-pkg-plm.R:15:5): pooling vs. Stata ----------------------------
mfx$std.error (`actual`) not equal to mfx$std.errorstata (`expected`).
`actual`: 0.0292697 0.0054139
`expected`: 0.0292737 0.0054148
[ FAIL 1 | WARN 0 | SKIP 20 | PASS 599 ]
Error: Test failures
Execution halted
Flavor: r-devel-linux-x86_64-debian-clang
Version: 0.4.1
Check: tests
Result: ERROR
Running ‘spelling.R’ [0s/1s]
Running ‘testthat.R’ [289s/226s]
Running the tests in ‘tests/testthat.R’ failed.
Complete output:
> library(testthat)
> library(marginaleffects)
> library(margins)
>
> test_check("marginaleffects")
Starting 2 test processes
[ FAIL 1 | WARN 0 | SKIP 20 | PASS 599 ]
══ Skipped tests ═══════════════════════════════════════════════════════════════
• Installed insight is version 0.17.0; but 0.17.1 is required (3)
• On CRAN (12)
• cmdstanr cannot be loaded (1)
• emmeans does not support `mblogit` (1)
• gam: marginalmeans != emmeans (1)
• modelbased cannot be loaded (1)
• unsupported data argument in get_predicted.lrm (1)
══ Failed tests ════════════════════════════════════════════════════════════════
── Failure (test-pkg-plm.R:15:5): pooling vs. Stata ────────────────────────────
mfx$std.error (`actual`) not equal to mfx$std.errorstata (`expected`).
`actual`: 0.0292697 0.0054139
`expected`: 0.0292737 0.0054148
[ FAIL 1 | WARN 0 | SKIP 20 | PASS 599 ]
Error: Test failures
Execution halted
Flavor: r-devel-linux-x86_64-debian-gcc
Version: 0.4.1
Check: tests
Result: ERROR
Running ‘spelling.R’
Running ‘testthat.R’ [457s/228s]
Running the tests in ‘tests/testthat.R’ failed.
Complete output:
> library(testthat)
> library(marginaleffects)
> library(margins)
>
> test_check("marginaleffects")
Starting 2 test processes
[ FAIL 1 | WARN 1 | SKIP 20 | PASS 599 ]
══ Skipped tests ═══════════════════════════════════════════════════════════════
• Installed insight is version 0.17.0; but 0.17.1 is required (3)
• On CRAN (12)
• cmdstanr cannot be loaded (1)
• emmeans does not support `mblogit` (1)
• gam: marginalmeans != emmeans (1)
• modelbased cannot be loaded (1)
• unsupported data argument in get_predicted.lrm (1)
══ Failed tests ════════════════════════════════════════════════════════════════
── Failure (test-pkg-plm.R:15:5): pooling vs. Stata ────────────────────────────
mfx$std.error (`actual`) not equal to mfx$std.errorstata (`expected`).
`actual`: 0.0292697 0.0054139
`expected`: 0.0292737 0.0054148
[ FAIL 1 | WARN 1 | SKIP 20 | PASS 599 ]
Error: Test failures
Execution halted
Flavor: r-devel-linux-x86_64-fedora-clang
Version: 0.4.1
Check: tests
Result: ERROR
Running ‘spelling.R’
Running ‘testthat.R’ [464s/246s]
Running the tests in ‘tests/testthat.R’ failed.
Complete output:
> library(testthat)
> library(marginaleffects)
> library(margins)
>
> test_check("marginaleffects")
Starting 2 test processes
[ FAIL 1 | WARN 0 | SKIP 19 | PASS 603 ]
══ Skipped tests ═══════════════════════════════════════════════════════════════
• Installed insight is version 0.17.0; but 0.17.1 is required (3)
• On CRAN (12)
• cmdstanr cannot be loaded (1)
• emmeans does not support `mblogit` (1)
• gam: marginalmeans != emmeans (1)
• unsupported data argument in get_predicted.lrm (1)
══ Failed tests ════════════════════════════════════════════════════════════════
── Failure (test-pkg-plm.R:15:5): pooling vs. Stata ────────────────────────────
mfx$std.error (`actual`) not equal to mfx$std.errorstata (`expected`).
`actual`: 0.0292697 0.0054139
`expected`: 0.0292737 0.0054148
[ FAIL 1 | WARN 0 | SKIP 19 | PASS 603 ]
Error: Test failures
Execution halted
Flavor: r-devel-linux-x86_64-fedora-gcc