Last updated on 2022-04-24 03:52:30 CEST.
Flavor | Version | Tinstall | Tcheck | Ttotal | Status | Flags |
---|---|---|---|---|---|---|
r-devel-linux-x86_64-debian-clang | 0.1.1 | 66.58 | 117.77 | 184.35 | OK | |
r-devel-linux-x86_64-debian-gcc | 0.1.1 | 50.53 | 81.09 | 131.62 | OK | |
r-devel-linux-x86_64-fedora-clang | 0.1.1 | 227.41 | NOTE | |||
r-devel-linux-x86_64-fedora-gcc | 0.1.1 | 191.62 | OK | |||
r-patched-linux-x86_64 | 0.1.1 | 57.45 | 102.46 | 159.91 | OK | |
r-release-linux-x86_64 | 0.1.1 | 54.46 | 95.35 | 149.81 | OK | |
r-release-macos-arm64 | 0.1.1 | NOTE | ||||
r-release-macos-x86_64 | 0.1.1 | NOTE | ||||
r-release-windows-x86_64 | 0.1.1 | 58.00 | 144.00 | 202.00 | NOTE | |
r-oldrel-macos-arm64 | 0.1.1 | NOTE | ||||
r-oldrel-macos-x86_64 | 0.1.1 | NOTE | ||||
r-oldrel-windows-ix86+x86_64 | 0.1.1 | 137.00 | 155.00 | 292.00 | NOTE |
Version: 0.1.1
Check: installed package size
Result: NOTE
installed size is 13.6Mb
sub-directories of 1Mb or more:
examples 2.7Mb
libs 9.6Mb
Flavors: r-devel-linux-x86_64-fedora-clang, r-release-macos-arm64, r-release-macos-x86_64, r-release-windows-x86_64, r-oldrel-macos-arm64, r-oldrel-macos-x86_64, r-oldrel-windows-ix86+x86_64