Last updated on 2022-04-24 03:52:30 CEST.
Flavor | Version | Tinstall | Tcheck | Ttotal | Status | Flags |
---|---|---|---|---|---|---|
r-devel-linux-x86_64-debian-clang | 0.8.6 | 175.32 | 347.47 | 522.79 | OK | |
r-devel-linux-x86_64-debian-gcc | 0.8.6 | 146.43 | 248.94 | 395.37 | OK | |
r-devel-linux-x86_64-fedora-clang | 0.8.6 | 707.21 | NOTE | |||
r-devel-linux-x86_64-fedora-gcc | 0.8.6 | 618.82 | OK | |||
r-patched-linux-x86_64 | 0.8.6 | 156.13 | 324.94 | 481.07 | OK | |
r-release-linux-x86_64 | 0.8.6 | 149.03 | 330.31 | 479.34 | OK | |
r-release-macos-arm64 | 0.8.6 | NOTE | ||||
r-release-macos-x86_64 | 0.8.6 | NOTE | ||||
r-release-windows-x86_64 | 0.8.6 | 226.00 | 495.00 | 721.00 | OK | |
r-oldrel-macos-arm64 | 0.8.6 | NOTE | ||||
r-oldrel-macos-x86_64 | 0.8.6 | NOTE | ||||
r-oldrel-windows-ix86+x86_64 | 0.8.6 | 388.00 | 500.00 | 888.00 | OK |
Version: 0.8.6
Check: installed package size
Result: NOTE
installed size is 8.5Mb
sub-directories of 1Mb or more:
libs 6.7Mb
Flavors: r-devel-linux-x86_64-fedora-clang, r-release-macos-arm64, r-release-macos-x86_64, r-oldrel-macos-arm64, r-oldrel-macos-x86_64