Last updated on 2022-04-24 03:52:30 CEST.
Flavor | Version | Tinstall | Tcheck | Ttotal | Status | Flags |
---|---|---|---|---|---|---|
r-devel-linux-x86_64-debian-clang | 0.2.57 | 71.03 | 322.02 | 393.05 | NOTE | |
r-devel-linux-x86_64-debian-gcc | 0.2.57 | 59.82 | 232.54 | 292.36 | NOTE | |
r-devel-linux-x86_64-fedora-clang | 0.2.57 | 479.73 | NOTE | |||
r-devel-linux-x86_64-fedora-gcc | 0.2.57 | 450.64 | NOTE | |||
r-patched-linux-x86_64 | 0.2.57 | 64.38 | 306.70 | 371.08 | NOTE | |
r-release-linux-x86_64 | 0.2.57 | 57.05 | 310.48 | 367.53 | NOTE | |
r-release-macos-arm64 | 0.2.57 | NOTE | ||||
r-release-macos-x86_64 | 0.2.57 | NOTE | ||||
r-release-windows-x86_64 | 0.2.57 | 89.00 | 370.00 | 459.00 | NOTE | |
r-oldrel-macos-arm64 | 0.2.57 | NOTE | ||||
r-oldrel-macos-x86_64 | 0.2.57 | NOTE | ||||
r-oldrel-windows-ix86+x86_64 | 0.2.57 | 153.00 | 496.00 | 649.00 | NOTE |
Version: 0.2.57
Check: package dependencies
Result: NOTE
Package suggested but not available for checking: 'flashr'
Flavors: r-devel-linux-x86_64-debian-clang, r-devel-linux-x86_64-debian-gcc, r-devel-linux-x86_64-fedora-clang, r-devel-linux-x86_64-fedora-gcc, r-patched-linux-x86_64, r-release-linux-x86_64, r-release-macos-arm64, r-release-macos-x86_64, r-release-windows-x86_64, r-oldrel-macos-arm64, r-oldrel-macos-x86_64, r-oldrel-windows-ix86+x86_64
Version: 0.2.57
Check: installed package size
Result: NOTE
installed size is 9.6Mb
sub-directories of 1Mb or more:
libs 8.7Mb
Flavors: r-release-macos-arm64, r-release-macos-x86_64, r-oldrel-macos-arm64, r-oldrel-macos-x86_64