Last updated on 2022-04-24 03:52:30 CEST.
Flavor | Version | Tinstall | Tcheck | Ttotal | Status | Flags |
---|---|---|---|---|---|---|
r-devel-linux-x86_64-debian-clang | 0.3.0 | 4.78 | 67.75 | 72.53 | NOTE | |
r-devel-linux-x86_64-debian-gcc | 0.3.0 | 3.98 | 50.29 | 54.27 | NOTE | |
r-devel-linux-x86_64-fedora-clang | 0.3.0 | 86.63 | NOTE | |||
r-devel-linux-x86_64-fedora-gcc | 0.3.0 | 73.13 | NOTE | |||
r-patched-linux-x86_64 | 0.3.0 | 4.65 | 64.00 | 68.65 | NOTE | |
r-release-linux-x86_64 | 0.3.0 | 2.70 | 61.14 | 63.84 | NOTE | |
r-release-macos-arm64 | 0.3.0 | NOTE | ||||
r-release-macos-x86_64 | 0.3.0 | NOTE | ||||
r-release-windows-x86_64 | 0.3.0 | 14.00 | 86.00 | 100.00 | NOTE | |
r-oldrel-macos-arm64 | 0.3.0 | NOTE | ||||
r-oldrel-macos-x86_64 | 0.3.0 | NOTE | ||||
r-oldrel-windows-ix86+x86_64 | 0.3.0 | 12.00 | 73.00 | 85.00 | NOTE |
Version: 0.3.0
Check: LazyData
Result: NOTE
'LazyData' is specified without a 'data' directory
Flavors: r-devel-linux-x86_64-debian-clang, r-devel-linux-x86_64-debian-gcc, r-devel-linux-x86_64-fedora-clang, r-devel-linux-x86_64-fedora-gcc, r-patched-linux-x86_64, r-release-linux-x86_64, r-release-macos-arm64, r-release-macos-x86_64, r-release-windows-x86_64, r-oldrel-macos-arm64, r-oldrel-macos-x86_64, r-oldrel-windows-ix86+x86_64