Last updated on 2022-04-24 03:52:30 CEST.
Flavor | Version | Tinstall | Tcheck | Ttotal | Status | Flags |
---|---|---|---|---|---|---|
r-devel-linux-x86_64-debian-clang | 1.0.1 | 62.26 | 137.83 | 200.09 | NOTE | |
r-devel-linux-x86_64-debian-gcc | 1.0.1 | 45.72 | 98.35 | 144.07 | NOTE | |
r-devel-linux-x86_64-fedora-clang | 1.0.1 | 255.01 | NOTE | |||
r-devel-linux-x86_64-fedora-gcc | 1.0.1 | 226.70 | NOTE | |||
r-patched-linux-x86_64 | 1.0.1 | 49.55 | 130.09 | 179.64 | NOTE | |
r-release-linux-x86_64 | 1.0.1 | 45.62 | 125.92 | 171.54 | NOTE | |
r-release-macos-arm64 | 1.0.1 | NOTE | ||||
r-release-macos-x86_64 | 1.0.1 | NOTE | ||||
r-release-windows-x86_64 | 1.0.1 | 62.00 | 152.00 | 214.00 | NOTE | |
r-oldrel-macos-arm64 | 1.0.1 | NOTE | ||||
r-oldrel-macos-x86_64 | 1.0.1 | NOTE | ||||
r-oldrel-windows-ix86+x86_64 | 1.0.1 | 123.00 | 162.00 | 285.00 | NOTE |
Version: 1.0.1
Check: LazyData
Result: NOTE
'LazyData' is specified without a 'data' directory
Flavors: r-devel-linux-x86_64-debian-clang, r-devel-linux-x86_64-debian-gcc, r-devel-linux-x86_64-fedora-clang, r-devel-linux-x86_64-fedora-gcc, r-patched-linux-x86_64, r-release-linux-x86_64, r-release-macos-arm64, r-release-macos-x86_64, r-release-windows-x86_64, r-oldrel-macos-arm64, r-oldrel-macos-x86_64, r-oldrel-windows-ix86+x86_64