Last updated on 2022-04-24 03:52:30 CEST.
Flavor | Version | Tinstall | Tcheck | Ttotal | Status | Flags |
---|---|---|---|---|---|---|
r-devel-linux-x86_64-debian-clang | 0.9.1 | 2.93 | 53.73 | 56.66 | OK | |
r-devel-linux-x86_64-debian-gcc | 0.9.1 | 2.70 | 41.23 | 43.93 | OK | |
r-devel-linux-x86_64-fedora-clang | 0.9.1 | 68.09 | OK | |||
r-devel-linux-x86_64-fedora-gcc | 0.9.1 | 57.03 | OK | |||
r-patched-linux-x86_64 | 0.9.1 | 7.13 | 51.83 | 58.96 | OK | |
r-release-linux-x86_64 | 0.9.1 | 2.94 | 51.85 | 54.79 | OK | |
r-release-macos-arm64 | 0.9.1 | NOTE | ||||
r-release-macos-x86_64 | 0.9.1 | OK | ||||
r-release-windows-x86_64 | 0.9.1 | 25.00 | 77.00 | 102.00 | OK | |
r-oldrel-macos-arm64 | 0.9.1 | NOTE | ||||
r-oldrel-macos-x86_64 | 0.9.1 | OK | ||||
r-oldrel-windows-ix86+x86_64 | 0.9.1 | 7.00 | 63.00 | 70.00 | OK |
Version: 0.9.1
Check: package dependencies
Result: NOTE
Package suggested but not available for checking: ‘qvalue’
Flavors: r-release-macos-arm64, r-oldrel-macos-arm64