Last updated on 2022-04-24 03:52:30 CEST.
Flavor | Version | Tinstall | Tcheck | Ttotal | Status | Flags |
---|---|---|---|---|---|---|
r-devel-linux-x86_64-debian-clang | 0.1.3 | 5.05 | 57.36 | 62.41 | NOTE | |
r-devel-linux-x86_64-debian-gcc | 0.1.3 | 4.14 | 42.72 | 46.86 | NOTE | |
r-devel-linux-x86_64-fedora-clang | 0.1.3 | 74.23 | NOTE | |||
r-devel-linux-x86_64-fedora-gcc | 0.1.3 | 61.19 | NOTE | |||
r-patched-linux-x86_64 | 0.1.3 | 4.61 | 54.37 | 58.98 | NOTE | |
r-release-linux-x86_64 | 0.1.3 | 4.66 | 50.58 | 55.24 | NOTE | |
r-release-macos-arm64 | 0.1.3 | NOTE | ||||
r-release-macos-x86_64 | 0.1.3 | NOTE | ||||
r-release-windows-x86_64 | 0.1.3 | 18.00 | 75.00 | 93.00 | NOTE | |
r-oldrel-macos-arm64 | 0.1.3 | NOTE | ||||
r-oldrel-macos-x86_64 | 0.1.3 | NOTE | ||||
r-oldrel-windows-ix86+x86_64 | 0.1.3 | 11.00 | 64.00 | 75.00 | NOTE |
Version: 0.1.3
Check: LazyData
Result: NOTE
'LazyData' is specified without a 'data' directory
Flavors: r-devel-linux-x86_64-debian-clang, r-devel-linux-x86_64-debian-gcc, r-devel-linux-x86_64-fedora-clang, r-devel-linux-x86_64-fedora-gcc, r-patched-linux-x86_64, r-release-linux-x86_64, r-release-macos-arm64, r-release-macos-x86_64, r-release-windows-x86_64, r-oldrel-macos-arm64, r-oldrel-macos-x86_64, r-oldrel-windows-ix86+x86_64