Last updated on 2022-04-24 03:52:30 CEST.
Flavor | Version | Tinstall | Tcheck | Ttotal | Status | Flags |
---|---|---|---|---|---|---|
r-devel-linux-x86_64-debian-clang | 1.1.10 | 14.49 | 160.40 | 174.89 | OK | |
r-devel-linux-x86_64-debian-gcc | 1.1.10 | 11.48 | 117.00 | 128.48 | OK | |
r-devel-linux-x86_64-fedora-clang | 1.1.10 | 215.59 | NOTE | |||
r-devel-linux-x86_64-fedora-gcc | 1.1.10 | 189.27 | NOTE | |||
r-patched-linux-x86_64 | 1.1.10 | 15.69 | 146.60 | 162.29 | OK | |
r-release-linux-x86_64 | 1.1.10 | 13.57 | 141.42 | 154.99 | OK | |
r-release-macos-arm64 | 1.1.10 | NOTE | ||||
r-release-macos-x86_64 | 1.1.10 | NOTE | ||||
r-release-windows-x86_64 | 1.1.10 | 49.00 | 188.00 | 237.00 | OK | |
r-oldrel-macos-arm64 | 1.1.10 | NOTE | ||||
r-oldrel-macos-x86_64 | 1.1.10 | NOTE | ||||
r-oldrel-windows-ix86+x86_64 | 1.1.10 | 31.00 | 171.00 | 202.00 | OK |
Version: 1.1.10
Check: dependencies in R code
Result: NOTE
Namespace in Imports field not imported from: ‘Hmisc’
All declared Imports should be used.
Flavors: r-devel-linux-x86_64-fedora-clang, r-devel-linux-x86_64-fedora-gcc, r-release-macos-arm64, r-release-macos-x86_64, r-oldrel-macos-arm64, r-oldrel-macos-x86_64