Last updated on 2022-04-24 03:52:30 CEST.
Flavor | Version | Tinstall | Tcheck | Ttotal | Status | Flags |
---|---|---|---|---|---|---|
r-devel-linux-x86_64-debian-clang | 1.0-2 | 221.11 | 178.00 | 399.11 | OK | |
r-devel-linux-x86_64-debian-gcc | 1.0-2 | 174.11 | 131.12 | 305.23 | OK | |
r-devel-linux-x86_64-fedora-clang | 1.0-2 | 550.67 | NOTE | |||
r-devel-linux-x86_64-fedora-gcc | 1.0-2 | 485.58 | OK | |||
r-patched-linux-x86_64 | 1.0-2 | 179.27 | 170.65 | 349.92 | OK | |
r-release-linux-x86_64 | 1.0-2 | 183.88 | 151.33 | 335.21 | OK | |
r-release-macos-arm64 | 1.0-2 | NOTE | ||||
r-release-macos-x86_64 | 1.0-2 | NOTE | ||||
r-release-windows-x86_64 | 1.0-2 | 209.00 | 268.00 | 477.00 | NOTE | |
r-oldrel-macos-arm64 | 1.0-2 | NOTE | ||||
r-oldrel-macos-x86_64 | 1.0-2 | NOTE | ||||
r-oldrel-windows-ix86+x86_64 | 1.0-2 | 483.00 | 225.00 | 708.00 | NOTE |
Version: 1.0-2
Check: installed package size
Result: NOTE
installed size is 11.9Mb
sub-directories of 1Mb or more:
java 3.3Mb
libs 7.4Mb
Flavors: r-devel-linux-x86_64-fedora-clang, r-release-macos-arm64, r-release-macos-x86_64, r-release-windows-x86_64, r-oldrel-macos-arm64, r-oldrel-macos-x86_64, r-oldrel-windows-ix86+x86_64