Last updated on 2022-04-24 03:52:30 CEST.
Flavor | Version | Tinstall | Tcheck | Ttotal | Status | Flags |
---|---|---|---|---|---|---|
r-devel-linux-x86_64-debian-clang | 1.0.2 | 4.50 | 66.78 | 71.28 | NOTE | |
r-devel-linux-x86_64-debian-gcc | 1.0.2 | 3.52 | 51.10 | 54.62 | NOTE | |
r-devel-linux-x86_64-fedora-clang | 1.0.2 | 87.75 | NOTE | |||
r-devel-linux-x86_64-fedora-gcc | 1.0.2 | 75.19 | NOTE | |||
r-patched-linux-x86_64 | 1.0.2 | 4.24 | 64.93 | 69.17 | NOTE | |
r-release-linux-x86_64 | 1.0.2 | 4.21 | 62.32 | 66.53 | NOTE | |
r-release-macos-arm64 | 1.0.2 | NOTE | ||||
r-release-macos-x86_64 | 1.0.2 | NOTE | ||||
r-release-windows-x86_64 | 1.0.2 | 36.00 | 98.00 | 134.00 | NOTE | |
r-oldrel-macos-arm64 | 1.0.2 | NOTE | ||||
r-oldrel-macos-x86_64 | 1.0.2 | NOTE | ||||
r-oldrel-windows-ix86+x86_64 | 1.0.2 | 9.00 | 63.00 | 72.00 | NOTE |
Version: 1.0.2
Check: DESCRIPTION meta-information
Result: NOTE
Malformed Description field: should contain one or more complete sentences.
Flavors: r-devel-linux-x86_64-debian-clang, r-devel-linux-x86_64-debian-gcc, r-devel-linux-x86_64-fedora-clang, r-devel-linux-x86_64-fedora-gcc, r-patched-linux-x86_64, r-release-linux-x86_64, r-release-macos-arm64, r-release-macos-x86_64, r-release-windows-x86_64, r-oldrel-macos-arm64, r-oldrel-macos-x86_64, r-oldrel-windows-ix86+x86_64
Version: 1.0.2
Check: R code for possible problems
Result: NOTE
Found the following possibly unsafe calls:
File 'matlab/R/zzz.R':
unlockBinding("savedTime", .MatlabNamespaceEnv)
colorbar : colorbar.EO: no visible global function definition for 'par'
colorbar : colorbar.EO: no visible global function definition for
'axis'
colorbar : colorbar.EO: no visible global function definition for
'axTicks'
colorbar : colorbar.EO: no visible global function definition for 'box'
colorbar : colorbar.NO: no visible global function definition for
'axis'
colorbar : colorbar.NO: no visible global function definition for
'axTicks'
colorbar : colorbar.NO: no visible global function definition for 'box'
imagesc : pretty.axp: no visible global function definition for 'par'
imagesc: no visible global function definition for 'axis'
imagesc: no visible global function definition for 'box'
jet.colors: no visible global function definition for 'rgb'
multiline.plot.colors : get.gca.colororder: no visible global function
definition for 'rgb'
std: no visible global function definition for 'sd'
Undefined global functions or variables:
axTicks axis box par rgb sd
Consider adding
importFrom("grDevices", "rgb")
importFrom("graphics", "axTicks", "axis", "box", "par")
importFrom("stats", "sd")
to your NAMESPACE file.
Flavors: r-devel-linux-x86_64-debian-clang, r-devel-linux-x86_64-debian-gcc, r-devel-linux-x86_64-fedora-clang, r-devel-linux-x86_64-fedora-gcc, r-patched-linux-x86_64, r-release-linux-x86_64, r-release-macos-arm64, r-release-macos-x86_64, r-release-windows-x86_64, r-oldrel-macos-arm64, r-oldrel-macos-x86_64, r-oldrel-windows-ix86+x86_64