Last updated on 2022-04-24 03:52:30 CEST.
Flavor | Version | Tinstall | Tcheck | Ttotal | Status | Flags |
---|---|---|---|---|---|---|
r-devel-linux-x86_64-debian-clang | 0.9.5 | 8.20 | 87.87 | 96.07 | NOTE | |
r-devel-linux-x86_64-debian-gcc | 0.9.5 | 6.19 | 66.49 | 72.68 | NOTE | |
r-devel-linux-x86_64-fedora-clang | 0.9.5 | 116.93 | NOTE | |||
r-devel-linux-x86_64-fedora-gcc | 0.9.5 | 100.19 | NOTE | |||
r-patched-linux-x86_64 | 0.9.5 | 6.87 | 84.83 | 91.70 | NOTE | |
r-release-linux-x86_64 | 0.9.5 | 6.59 | 92.10 | 98.69 | NOTE | |
r-release-macos-arm64 | 0.9.5 | NOTE | ||||
r-release-macos-x86_64 | 0.9.5 | WARN | ||||
r-release-windows-x86_64 | 0.9.5 | 34.00 | 126.00 | 160.00 | NOTE | |
r-oldrel-macos-arm64 | 0.9.5 | NOTE | ||||
r-oldrel-macos-x86_64 | 0.9.5 | WARN | ||||
r-oldrel-windows-ix86+x86_64 | 0.9.5 | 15.00 | 109.00 | 124.00 | NOTE |
Version: 0.9.5
Check: package dependencies
Result: NOTE
Package suggested but not available for checking: 'webshot2'
Flavors: r-devel-linux-x86_64-debian-clang, r-devel-linux-x86_64-debian-gcc, r-devel-linux-x86_64-fedora-clang, r-devel-linux-x86_64-fedora-gcc, r-release-linux-x86_64, r-release-macos-arm64, r-release-macos-x86_64, r-release-windows-x86_64, r-oldrel-macos-arm64, r-oldrel-macos-x86_64, r-oldrel-windows-ix86+x86_64
Version: 0.9.5
Check: package dependencies
Result: NOTE
Packages suggested but not available for checking: 'rglwidget', 'webshot2'
Flavor: r-patched-linux-x86_64
Version: 0.9.5
Check: re-building of vignette outputs
Result: WARN
Error(s) in re-building vignettes:
--- re-building ‘data-beta.Rmd’ using rmarkdown
Warning in engine$weave(file, quiet = quiet, encoding = enc) :
Pandoc (>= 1.12.3) not available. Falling back to R Markdown v1.
Attaching package: 'matlib'
The following object is masked from 'package:rgl':
GramSchmidt
Warning in snapshot3d(scene = x, width = width, height = height) :
webshot = TRUE requires the webshot2 package; using rgl.snapshot() instead
Quitting from lines 162-183 (data-beta.Rmd)
Error: processing vignette 'data-beta.Rmd' failed with diagnostics:
OpenGL is not available in this build
--- failed re-building ‘data-beta.Rmd’
--- re-building ‘det-ex1.Rmd’ using rmarkdown
Warning in engine$weave(file, quiet = quiet, encoding = enc) :
Pandoc (>= 1.12.3) not available. Falling back to R Markdown v1.
--- finished re-building ‘det-ex1.Rmd’
--- re-building ‘det-ex2.Rmd’ using rmarkdown
Warning in engine$weave(file, quiet = quiet, encoding = enc) :
Pandoc (>= 1.12.3) not available. Falling back to R Markdown v1.
--- finished re-building ‘det-ex2.Rmd’
--- re-building ‘eigen-ex1.Rmd’ using rmarkdown
Warning in engine$weave(file, quiet = quiet, encoding = enc) :
Pandoc (>= 1.12.3) not available. Falling back to R Markdown v1.
--- finished re-building ‘eigen-ex1.Rmd’
--- re-building ‘eigen-ex2.Rmd’ using rmarkdown
Warning in engine$weave(file, quiet = quiet, encoding = enc) :
Pandoc (>= 1.12.3) not available. Falling back to R Markdown v1.
--- finished re-building ‘eigen-ex2.Rmd’
--- re-building ‘ginv.Rmd’ using rmarkdown
Warning in engine$weave(file, quiet = quiet, encoding = enc) :
Pandoc (>= 1.12.3) not available. Falling back to R Markdown v1.
--- finished re-building ‘ginv.Rmd’
--- re-building ‘gramreg.Rmd’ using rmarkdown
Warning in engine$weave(file, quiet = quiet, encoding = enc) :
Pandoc (>= 1.12.3) not available. Falling back to R Markdown v1.
--- finished re-building ‘gramreg.Rmd’
--- re-building ‘inv-ex1.Rmd’ using rmarkdown
Warning in engine$weave(file, quiet = quiet, encoding = enc) :
Pandoc (>= 1.12.3) not available. Falling back to R Markdown v1.
--- finished re-building ‘inv-ex1.Rmd’
--- re-building ‘inv-ex2.Rmd’ using rmarkdown
Warning in engine$weave(file, quiet = quiet, encoding = enc) :
Pandoc (>= 1.12.3) not available. Falling back to R Markdown v1.
--- finished re-building ‘inv-ex2.Rmd’
--- re-building ‘linear-equations.Rmd’ using rmarkdown
Warning in engine$weave(file, quiet = quiet, encoding = enc) :
Pandoc (>= 1.12.3) not available. Falling back to R Markdown v1.
Attaching package: 'matlib'
The following object is masked from 'package:rgl':
GramSchmidt
Warning in snapshot3d(scene = x, width = width, height = height) :
webshot = TRUE requires the webshot2 package; using rgl.snapshot() instead
Quitting from lines 173-174 (linear-equations.Rmd)
Error: processing vignette 'linear-equations.Rmd' failed with diagnostics:
OpenGL is not available in this build
--- failed re-building ‘linear-equations.Rmd’
SUMMARY: processing the following files failed:
‘data-beta.Rmd’ ‘linear-equations.Rmd’
Error: Vignette re-building failed.
Execution halted
Flavors: r-release-macos-x86_64, r-oldrel-macos-x86_64