Last updated on 2022-04-24 03:52:30 CEST.
Flavor | Version | Tinstall | Tcheck | Ttotal | Status | Flags |
---|---|---|---|---|---|---|
r-devel-linux-x86_64-debian-clang | 0.1.0 | 2.04 | 40.44 | 42.48 | OK | |
r-devel-linux-x86_64-debian-gcc | 0.1.0 | 1.90 | 31.36 | 33.26 | OK | |
r-devel-linux-x86_64-fedora-clang | 0.1.0 | 55.96 | OK | |||
r-devel-linux-x86_64-fedora-gcc | 0.1.0 | 54.38 | NOTE | |||
r-patched-linux-x86_64 | 0.1.0 | 2.56 | 39.02 | 41.58 | OK | |
r-release-linux-x86_64 | 0.1.0 | 1.87 | 38.71 | 40.58 | OK | |
r-release-macos-arm64 | 0.1.0 | OK | ||||
r-release-macos-x86_64 | 0.1.0 | OK | ||||
r-release-windows-x86_64 | 0.1.0 | 62.00 | 60.00 | 122.00 | OK | |
r-oldrel-macos-arm64 | 0.1.0 | OK | ||||
r-oldrel-macos-x86_64 | 0.1.0 | OK | ||||
r-oldrel-windows-ix86+x86_64 | 0.1.0 | 7.00 | 49.00 | 56.00 | OK |
Version: 0.1.0
Check: package dependencies
Result: NOTE
Package suggested but not available for checking: ‘MBSP’
Flavor: r-devel-linux-x86_64-fedora-gcc