Last updated on 2022-04-24 03:52:30 CEST.
Flavor | Version | Tinstall | Tcheck | Ttotal | Status | Flags |
---|---|---|---|---|---|---|
r-devel-linux-x86_64-debian-clang | 1.1.3 | 162.50 | 61.04 | 223.54 | OK | |
r-devel-linux-x86_64-debian-gcc | 1.1.3 | 113.06 | 46.26 | 159.32 | OK | |
r-devel-linux-x86_64-fedora-clang | 1.1.3 | 325.81 | NOTE | |||
r-devel-linux-x86_64-fedora-gcc | 1.1.3 | 252.18 | OK | |||
r-patched-linux-x86_64 | 1.1.3 | 120.46 | 58.41 | 178.87 | OK | |
r-release-linux-x86_64 | 1.1.3 | 115.82 | 56.29 | 172.11 | OK | |
r-release-macos-arm64 | 1.1.3 | NOTE | ||||
r-release-macos-x86_64 | 1.1.3 | NOTE | ||||
r-release-windows-x86_64 | 1.1.3 | 268.00 | 114.00 | 382.00 | OK | |
r-oldrel-macos-arm64 | 1.1.3 | NOTE | ||||
r-oldrel-macos-x86_64 | 1.1.3 | NOTE | ||||
r-oldrel-windows-ix86+x86_64 | 1.1.3 | 324.00 | 116.00 | 440.00 | OK |
Version: 1.1.3
Check: installed package size
Result: NOTE
installed size is 5.8Mb
sub-directories of 1Mb or more:
libs 5.3Mb
Flavors: r-devel-linux-x86_64-fedora-clang, r-release-macos-arm64, r-release-macos-x86_64, r-oldrel-macos-arm64, r-oldrel-macos-x86_64