Last updated on 2022-04-24 03:52:30 CEST.
Flavor | Version | Tinstall | Tcheck | Ttotal | Status | Flags |
---|---|---|---|---|---|---|
r-devel-linux-x86_64-debian-clang | 0.1.7 | 114.00 | 50.11 | 164.11 | NOTE | |
r-devel-linux-x86_64-debian-gcc | 0.1.7 | 107.36 | 38.40 | 145.76 | NOTE | |
r-devel-linux-x86_64-fedora-clang | 0.1.7 | 264.61 | NOTE | |||
r-devel-linux-x86_64-fedora-gcc | 0.1.7 | 228.75 | NOTE | |||
r-patched-linux-x86_64 | 0.1.7 | 99.80 | 48.01 | 147.81 | NOTE | |
r-release-linux-x86_64 | 0.1.7 | 107.15 | 47.17 | 154.32 | NOTE | |
r-release-macos-arm64 | 0.1.7 | NOTE | ||||
r-release-macos-x86_64 | 0.1.7 | NOTE | ||||
r-release-windows-x86_64 | 0.1.7 | 182.00 | 91.00 | 273.00 | NOTE | |
r-oldrel-macos-arm64 | 0.1.7 | NOTE | ||||
r-oldrel-macos-x86_64 | 0.1.7 | NOTE | ||||
r-oldrel-windows-ix86+x86_64 | 0.1.7 | 288.00 | 91.00 | 379.00 | NOTE |
Version: 0.1.7
Check: for GNU extensions in Makefiles
Result: NOTE
GNU make is a SystemRequirements.
Flavors: r-devel-linux-x86_64-debian-clang, r-devel-linux-x86_64-debian-gcc, r-devel-linux-x86_64-fedora-clang, r-devel-linux-x86_64-fedora-gcc, r-patched-linux-x86_64, r-release-linux-x86_64, r-release-macos-arm64, r-release-macos-x86_64, r-release-windows-x86_64, r-oldrel-macos-arm64, r-oldrel-macos-x86_64, r-oldrel-windows-ix86+x86_64
Version: 0.1.7
Check: installed package size
Result: NOTE
installed size is 5.9Mb
sub-directories of 1Mb or more:
libs 5.7Mb
Flavors: r-devel-linux-x86_64-fedora-clang, r-release-macos-arm64, r-release-macos-x86_64, r-oldrel-macos-arm64, r-oldrel-macos-x86_64