Last updated on 2022-04-24 03:52:30 CEST.
Flavor | Version | Tinstall | Tcheck | Ttotal | Status | Flags |
---|---|---|---|---|---|---|
r-devel-linux-x86_64-debian-clang | 2.5.1 | 2.64 | 36.89 | 39.53 | OK | |
r-devel-linux-x86_64-debian-gcc | 2.5.1 | 2.39 | 28.37 | 30.76 | OK | |
r-devel-linux-x86_64-fedora-clang | 2.5.1 | 50.33 | NOTE | |||
r-devel-linux-x86_64-fedora-gcc | 2.5.1 | 38.05 | OK | |||
r-patched-linux-x86_64 | 2.5.1 | 2.62 | 35.62 | 38.24 | OK | |
r-release-linux-x86_64 | 2.5.1 | 2.01 | 34.33 | 36.34 | OK | |
r-release-macos-arm64 | 2.5.1 | OK | ||||
r-release-macos-x86_64 | 2.5.1 | OK | ||||
r-release-windows-x86_64 | 2.5.1 | 14.00 | 56.00 | 70.00 | OK | |
r-oldrel-macos-arm64 | 2.5.1 | OK | ||||
r-oldrel-macos-x86_64 | 2.5.1 | OK | ||||
r-oldrel-windows-ix86+x86_64 | 2.5.1 | 8.00 | 45.00 | 53.00 | OK |
Version: 2.5.1
Check: Rd cross-references
Result: NOTE
Undeclared package ‘tracerer’ in Rd xrefs
Flavor: r-devel-linux-x86_64-fedora-clang