Last updated on 2022-04-24 03:52:30 CEST.
Flavor | Version | Tinstall | Tcheck | Ttotal | Status | Flags |
---|---|---|---|---|---|---|
r-devel-linux-x86_64-debian-clang | 0.1.0 | 4.07 | 39.36 | 43.43 | NOTE | |
r-devel-linux-x86_64-debian-gcc | 0.1.0 | 2.81 | 30.02 | 32.83 | NOTE | |
r-devel-linux-x86_64-fedora-clang | 0.1.0 | 56.79 | NOTE | |||
r-devel-linux-x86_64-fedora-gcc | 0.1.0 | 44.72 | NOTE | |||
r-patched-linux-x86_64 | 0.1.0 | 3.77 | 38.17 | 41.94 | NOTE | |
r-release-linux-x86_64 | 0.1.0 | 3.35 | 40.96 | 44.31 | NOTE | |
r-release-macos-arm64 | 0.1.0 | NOTE | ||||
r-release-macos-x86_64 | 0.1.0 | NOTE | ||||
r-release-windows-x86_64 | 0.1.0 | 14.00 | 56.00 | 70.00 | NOTE | |
r-oldrel-macos-arm64 | 0.1.0 | NOTE | ||||
r-oldrel-macos-x86_64 | 0.1.0 | NOTE | ||||
r-oldrel-windows-ix86+x86_64 | 0.1.0 | 6.00 | 47.00 | 53.00 | NOTE |
Version: 0.1.0
Check: LazyData
Result: NOTE
'LazyData' is specified without a 'data' directory
Flavors: r-devel-linux-x86_64-debian-clang, r-devel-linux-x86_64-debian-gcc, r-devel-linux-x86_64-fedora-clang, r-devel-linux-x86_64-fedora-gcc, r-patched-linux-x86_64, r-release-linux-x86_64, r-release-macos-arm64, r-release-macos-x86_64, r-release-windows-x86_64, r-oldrel-macos-arm64, r-oldrel-macos-x86_64, r-oldrel-windows-ix86+x86_64