Last updated on 2022-04-24 03:52:30 CEST.
Flavor | Version | Tinstall | Tcheck | Ttotal | Status | Flags |
---|---|---|---|---|---|---|
r-devel-linux-x86_64-debian-clang | 0.1 | 2.69 | 38.63 | 41.32 | NOTE | |
r-devel-linux-x86_64-debian-gcc | 0.1 | 2.00 | 29.19 | 31.19 | NOTE | |
r-devel-linux-x86_64-fedora-clang | 0.1 | 50.05 | NOTE | |||
r-devel-linux-x86_64-fedora-gcc | 0.1 | 37.76 | NOTE | |||
r-patched-linux-x86_64 | 0.1 | 2.01 | 37.80 | 39.81 | NOTE | |
r-release-linux-x86_64 | 0.1 | 1.54 | 36.81 | 38.35 | NOTE | |
r-release-macos-arm64 | 0.1 | NOTE | ||||
r-release-macos-x86_64 | 0.1 | NOTE | ||||
r-release-windows-x86_64 | 0.1 | 18.00 | 53.00 | 71.00 | NOTE | |
r-oldrel-macos-arm64 | 0.1 | NOTE | ||||
r-oldrel-macos-x86_64 | 0.1 | NOTE | ||||
r-oldrel-windows-ix86+x86_64 | 0.1 | 4.00 | 35.00 | 39.00 | NOTE |
Version: 0.1
Check: R code for possible problems
Result: NOTE
call_localoptim: no visible global function definition for 'optim'
call_localoptim: no visible global function definition for 'nlminb'
call_localoptim: no visible global function definition for
'txtProgressBar'
call_localoptim: no visible global function definition for
'setTxtProgressBar'
call_localoptim : <anonymous>: no visible global function definition
for 'optim'
call_localoptim : <anonymous>: no visible global function definition
for 'nlminb'
multiStartoptim: no visible global function definition for 'median'
Undefined global functions or variables:
median nlminb optim setTxtProgressBar txtProgressBar
Consider adding
importFrom("stats", "median", "nlminb", "optim")
importFrom("utils", "setTxtProgressBar", "txtProgressBar")
to your NAMESPACE file.
Flavors: r-devel-linux-x86_64-debian-clang, r-devel-linux-x86_64-debian-gcc, r-devel-linux-x86_64-fedora-clang, r-devel-linux-x86_64-fedora-gcc, r-patched-linux-x86_64, r-release-linux-x86_64, r-release-macos-arm64, r-release-macos-x86_64, r-release-windows-x86_64, r-oldrel-macos-arm64, r-oldrel-macos-x86_64, r-oldrel-windows-ix86+x86_64