Last updated on 2022-04-24 03:52:30 CEST.
Flavor | Version | Tinstall | Tcheck | Ttotal | Status | Flags |
---|---|---|---|---|---|---|
r-devel-linux-x86_64-debian-clang | 1.0 | 2.53 | 32.46 | 34.99 | NOTE | |
r-devel-linux-x86_64-debian-gcc | 1.0 | 2.19 | 24.95 | 27.14 | NOTE | |
r-devel-linux-x86_64-fedora-clang | 1.0 | 43.11 | NOTE | |||
r-devel-linux-x86_64-fedora-gcc | 1.0 | 31.66 | NOTE | |||
r-patched-linux-x86_64 | 1.0 | 2.60 | 31.97 | 34.57 | NOTE | |
r-release-linux-x86_64 | 1.0 | 2.90 | 31.05 | 33.95 | NOTE | |
r-release-macos-arm64 | 1.0 | NOTE | ||||
r-release-macos-x86_64 | 1.0 | NOTE | ||||
r-release-windows-x86_64 | 1.0 | 10.00 | 44.00 | 54.00 | NOTE | |
r-oldrel-macos-arm64 | 1.0 | NOTE | ||||
r-oldrel-macos-x86_64 | 1.0 | NOTE | ||||
r-oldrel-windows-ix86+x86_64 | 1.0 | 6.00 | 25.00 | 31.00 | NOTE |
Version: 1.0
Check: R code for possible problems
Result: NOTE
getbetap.A: no visible global function definition for 'pbeta'
getbetap.A: no visible global function definition for 'cor.test'
Undefined global functions or variables:
cor.test pbeta
Consider adding
importFrom("stats", "cor.test", "pbeta")
to your NAMESPACE file.
Flavors: r-devel-linux-x86_64-debian-clang, r-devel-linux-x86_64-debian-gcc, r-devel-linux-x86_64-fedora-clang, r-devel-linux-x86_64-fedora-gcc, r-patched-linux-x86_64, r-release-linux-x86_64, r-release-macos-arm64, r-release-macos-x86_64, r-release-windows-x86_64, r-oldrel-macos-arm64, r-oldrel-macos-x86_64, r-oldrel-windows-ix86+x86_64