Last updated on 2022-04-24 03:52:30 CEST.
Flavor | Version | Tinstall | Tcheck | Ttotal | Status | Flags |
---|---|---|---|---|---|---|
r-devel-linux-x86_64-debian-clang | 0.1.0 | 6.76 | 78.63 | 85.39 | OK | |
r-devel-linux-x86_64-debian-gcc | 0.1.0 | 6.34 | 59.10 | 65.44 | OK | |
r-devel-linux-x86_64-fedora-clang | 0.1.0 | 100.17 | NOTE | |||
r-devel-linux-x86_64-fedora-gcc | 0.1.0 | 87.41 | NOTE | |||
r-patched-linux-x86_64 | 0.1.0 | 6.98 | 73.91 | 80.89 | OK | |
r-release-linux-x86_64 | 0.1.0 | 7.38 | 70.44 | 77.82 | OK | |
r-release-macos-arm64 | 0.1.0 | NOTE | ||||
r-release-macos-x86_64 | 0.1.0 | WARN | --as-cran | |||
r-release-windows-x86_64 | 0.1.0 | 15.00 | 92.00 | 107.00 | OK | |
r-oldrel-macos-arm64 | 0.1.0 | NOTE | ||||
r-oldrel-macos-x86_64 | 0.1.0 | WARN | --as-cran | |||
r-oldrel-windows-ix86+x86_64 | 0.1.0 | 17.00 | 83.00 | 100.00 | OK |
Version: 0.1.0
Check: dependencies in R code
Result: NOTE
Namespace in Imports field not imported from: ‘methods’
All declared Imports should be used.
Flavors: r-devel-linux-x86_64-fedora-clang, r-devel-linux-x86_64-fedora-gcc, r-release-macos-arm64, r-oldrel-macos-arm64
Version: 0.1.0
Flags: --as-cran
Check: CRAN incoming feasibility
Result: WARN
Maintainer: ‘Mariko Takagishi <m.takagishi0728@gmail.com>’
Insufficient package version (submitted: 0.1.0, existing: 0.1.0)
Days since last update: 1
Flavors: r-release-macos-x86_64, r-oldrel-macos-x86_64