Last updated on 2022-04-24 03:52:30 CEST.
| Flavor | Version | Tinstall | Tcheck | Ttotal | Status | Flags | 
|---|---|---|---|---|---|---|
| r-devel-linux-x86_64-debian-clang | 1.0 | 3.76 | 42.20 | 45.96 | NOTE | |
| r-devel-linux-x86_64-debian-gcc | 1.0 | 2.57 | 33.18 | 35.75 | NOTE | |
| r-devel-linux-x86_64-fedora-clang | 1.0 | 55.51 | NOTE | |||
| r-devel-linux-x86_64-fedora-gcc | 1.0 | 44.83 | NOTE | |||
| r-patched-linux-x86_64 | 1.0 | 3.27 | 42.35 | 45.62 | NOTE | |
| r-release-linux-x86_64 | 1.0 | 2.98 | 41.45 | 44.43 | NOTE | |
| r-release-macos-arm64 | 1.0 | NOTE | ||||
| r-release-macos-x86_64 | 1.0 | NOTE | ||||
| r-release-windows-x86_64 | 1.0 | 19.00 | 64.00 | 83.00 | NOTE | |
| r-oldrel-macos-arm64 | 1.0 | NOTE | ||||
| r-oldrel-macos-x86_64 | 1.0 | NOTE | ||||
| r-oldrel-windows-ix86+x86_64 | 1.0 | 7.00 | 50.00 | 57.00 | NOTE | 
Version: 1.0
Check: dependencies in R code
Result: NOTE
    Package in Depends field not imported from: 'lpSolve'
      These packages need to be imported from (in the NAMESPACE file)
      for when this namespace is loaded but not attached.
Flavors: r-devel-linux-x86_64-debian-clang, r-devel-linux-x86_64-debian-gcc, r-devel-linux-x86_64-fedora-clang, r-devel-linux-x86_64-fedora-gcc, r-patched-linux-x86_64, r-release-linux-x86_64, r-release-macos-arm64, r-release-macos-x86_64, r-release-windows-x86_64, r-oldrel-macos-arm64, r-oldrel-macos-x86_64, r-oldrel-windows-ix86+x86_64
Version: 1.0
Check: R code for possible problems
Result: NOTE
    laugreen: no visible global function definition for 'combn'
    laugreen: no visible global function definition for 'lp'
    maxpear: no visible global function definition for 'hclust'
    maxpear: no visible global function definition for 'as.dist'
    maxpear : <anonymous>: no visible global function definition for
      'cutree'
    medv: no visible global function definition for 'cutree'
    medv: no visible global function definition for 'hclust'
    medv: no visible global function definition for 'as.dist'
    minbinder: no visible global function definition for 'hclust'
    minbinder: no visible global function definition for 'as.dist'
    minbinder : <anonymous>: no visible global function definition for
      'cutree'
    relabel : min.perm.labels: no visible global function definition for
      'lp.transport'
    Undefined global functions or variables:
      as.dist combn cutree hclust lp lp.transport
    Consider adding
      importFrom("stats", "as.dist", "cutree", "hclust")
      importFrom("utils", "combn")
    to your NAMESPACE file.
Flavors: r-devel-linux-x86_64-debian-clang, r-devel-linux-x86_64-debian-gcc, r-devel-linux-x86_64-fedora-clang, r-devel-linux-x86_64-fedora-gcc, r-patched-linux-x86_64, r-release-linux-x86_64, r-release-macos-arm64, r-release-macos-x86_64, r-release-windows-x86_64, r-oldrel-macos-arm64, r-oldrel-macos-x86_64, r-oldrel-windows-ix86+x86_64
Version: 1.0
Check: compiled code
Result: NOTE
    File ‘mcclust/libs/mcclust.so’:
      Found no calls to: ‘R_registerRoutines’, ‘R_useDynamicSymbols’
    
    It is good practice to register native routines and to disable symbol
    search.
    
    See ‘Writing portable packages’ in the ‘Writing R Extensions’ manual.
Flavors: r-devel-linux-x86_64-fedora-clang, r-devel-linux-x86_64-fedora-gcc