Last updated on 2022-04-24 03:52:30 CEST.
Flavor | Version | Tinstall | Tcheck | Ttotal | Status | Flags |
---|---|---|---|---|---|---|
r-devel-linux-x86_64-debian-clang | 0.7.0 | 69.86 | 157.57 | 227.43 | OK | |
r-devel-linux-x86_64-debian-gcc | 0.7.0 | 60.59 | 118.42 | 179.01 | OK | |
r-devel-linux-x86_64-fedora-clang | 0.7.0 | 295.44 | OK | |||
r-devel-linux-x86_64-fedora-gcc | 0.7.0 | 267.29 | OK | |||
r-patched-linux-x86_64 | 0.7.0 | 64.21 | 150.89 | 215.10 | OK | |
r-release-linux-x86_64 | 0.7.0 | 60.87 | 146.08 | 206.95 | OK | |
r-release-macos-arm64 | 0.7.0 | NOTE | ||||
r-release-macos-x86_64 | 0.7.0 | OK | ||||
r-release-windows-x86_64 | 0.7.0 | 86.00 | 195.00 | 281.00 | OK | |
r-oldrel-macos-arm64 | 0.7.0 | NOTE | ||||
r-oldrel-macos-x86_64 | 0.7.0 | OK | ||||
r-oldrel-windows-ix86+x86_64 | 0.7.0 | 151.00 | 243.00 | 394.00 | OK |
Version: 0.7.0
Check: installed package size
Result: NOTE
installed size is 5.4Mb
sub-directories of 1Mb or more:
doc 1.5Mb
libs 3.4Mb
Flavors: r-release-macos-arm64, r-oldrel-macos-arm64