Last updated on 2022-04-24 03:52:30 CEST.
| Flavor | Version | Tinstall | Tcheck | Ttotal | Status | Flags | 
|---|---|---|---|---|---|---|
| r-devel-linux-x86_64-debian-clang | 0.2-0 | 47.16 | 569.27 | 616.43 | OK | |
| r-devel-linux-x86_64-debian-gcc | 0.2-0 | 38.20 | 411.09 | 449.29 | OK | |
| r-devel-linux-x86_64-fedora-clang | 0.2-0 | 646.03 | OK | |||
| r-devel-linux-x86_64-fedora-gcc | 0.2-0 | 635.11 | OK | |||
| r-patched-linux-x86_64 | 0.2-0 | 48.95 | 533.22 | 582.17 | OK | |
| r-release-linux-x86_64 | 0.2-0 | 37.97 | 494.56 | 532.53 | OK | |
| r-release-macos-arm64 | 0.2-0 | OK | ||||
| r-release-macos-x86_64 | 0.2-0 | WARN | --as-cran | |||
| r-release-windows-x86_64 | 0.2-0 | 49.00 | 562.00 | 611.00 | OK | |
| r-oldrel-macos-arm64 | 0.2-0 | OK | ||||
| r-oldrel-macos-x86_64 | 0.2-0 | WARN | --as-cran | |||
| r-oldrel-windows-ix86+x86_64 | 0.2-0 | 94.00 | 561.00 | 655.00 | OK | 
Version: 0.2-0
Flags: --as-cran
Check: CRAN incoming feasibility
Result: WARN
    Maintainer: ‘Zhe Sha <zhesha1006@gmail.com>’
    
    Insufficient package version (submitted: 0.2.0, existing: 0.2.0)
    
    Days since last update: 1
Flavors: r-release-macos-x86_64, r-oldrel-macos-x86_64
Version: 0.2-0
Flags: --as-cran
Check: sizes of PDF files under ‘inst/doc’
Result: NOTE
    Unable to find GhostScript executable to run checks on size reduction
Flavors: r-release-macos-x86_64, r-oldrel-macos-x86_64