Last updated on 2022-04-24 03:52:30 CEST.
Flavor | Version | Tinstall | Tcheck | Ttotal | Status | Flags |
---|---|---|---|---|---|---|
r-devel-linux-x86_64-debian-clang | 1.2 | 2.85 | 40.90 | 43.75 | NOTE | |
r-devel-linux-x86_64-debian-gcc | 1.2 | 2.17 | 30.83 | 33.00 | NOTE | |
r-devel-linux-x86_64-fedora-clang | 1.2 | 52.63 | NOTE | |||
r-devel-linux-x86_64-fedora-gcc | 1.2 | 40.39 | NOTE | |||
r-patched-linux-x86_64 | 1.2 | 2.51 | 39.13 | 41.64 | NOTE | |
r-release-linux-x86_64 | 1.2 | 2.54 | 38.33 | 40.87 | NOTE | |
r-release-macos-arm64 | 1.2 | NOTE | ||||
r-release-macos-x86_64 | 1.2 | NOTE | ||||
r-release-windows-x86_64 | 1.2 | 9.00 | 62.00 | 71.00 | NOTE | |
r-oldrel-macos-arm64 | 1.2 | NOTE | ||||
r-oldrel-macos-x86_64 | 1.2 | NOTE | ||||
r-oldrel-windows-ix86+x86_64 | 1.2 | 5.00 | 46.00 | 51.00 | NOTE |
Version: 1.2
Check: DESCRIPTION meta-information
Result: NOTE
Malformed Description field: should contain one or more complete sentences.
Flavors: r-devel-linux-x86_64-debian-clang, r-devel-linux-x86_64-debian-gcc, r-devel-linux-x86_64-fedora-clang, r-devel-linux-x86_64-fedora-gcc, r-patched-linux-x86_64, r-release-linux-x86_64, r-release-macos-arm64, r-release-macos-x86_64, r-release-windows-x86_64, r-oldrel-macos-arm64, r-oldrel-macos-x86_64, r-oldrel-windows-ix86+x86_64
Version: 1.2
Check: R code for possible problems
Result: NOTE
lik_locfit: no visible global function definition for 'predict'
mcll_coeff: no visible global function definition for 'optim'
mcll_est: no visible global function definition for 'cov'
mcll_est: no visible global function definition for 'optim'
mcll_se: no visible global function definition for 'cov'
Undefined global functions or variables:
cov optim predict
Consider adding
importFrom("stats", "cov", "optim", "predict")
to your NAMESPACE file.
Flavors: r-devel-linux-x86_64-debian-clang, r-devel-linux-x86_64-debian-gcc, r-devel-linux-x86_64-fedora-clang, r-devel-linux-x86_64-fedora-gcc, r-patched-linux-x86_64, r-release-linux-x86_64, r-release-macos-arm64, r-release-macos-x86_64, r-release-windows-x86_64, r-oldrel-macos-arm64, r-oldrel-macos-x86_64, r-oldrel-windows-ix86+x86_64