Last updated on 2022-04-24 03:52:30 CEST.
Flavor | Version | Tinstall | Tcheck | Ttotal | Status | Flags |
---|---|---|---|---|---|---|
r-devel-linux-x86_64-debian-clang | 0.4.3 | 4.42 | 53.67 | 58.09 | NOTE | |
r-devel-linux-x86_64-debian-gcc | 0.4.3 | 3.11 | 41.16 | 44.27 | NOTE | |
r-devel-linux-x86_64-fedora-clang | 0.4.3 | 70.43 | NOTE | |||
r-devel-linux-x86_64-fedora-gcc | 0.4.3 | 58.25 | NOTE | |||
r-patched-linux-x86_64 | 0.4.3 | 4.93 | 51.16 | 56.09 | NOTE | |
r-release-linux-x86_64 | 0.4.3 | 2.94 | 50.39 | 53.33 | NOTE | |
r-release-macos-arm64 | 0.4.3 | NOTE | ||||
r-release-macos-x86_64 | 0.4.3 | NOTE | ||||
r-release-windows-x86_64 | 0.4.3 | 29.00 | 76.00 | 105.00 | NOTE | |
r-oldrel-macos-arm64 | 0.4.3 | NOTE | ||||
r-oldrel-macos-x86_64 | 0.4.3 | NOTE | ||||
r-oldrel-windows-ix86+x86_64 | 0.4.3 | 8.00 | 63.00 | 71.00 | NOTE |
Version: 0.4.3
Check: LazyData
Result: NOTE
'LazyData' is specified without a 'data' directory
Flavors: r-devel-linux-x86_64-debian-clang, r-devel-linux-x86_64-debian-gcc, r-devel-linux-x86_64-fedora-clang, r-devel-linux-x86_64-fedora-gcc, r-patched-linux-x86_64, r-release-linux-x86_64, r-release-macos-arm64, r-release-macos-x86_64, r-release-windows-x86_64, r-oldrel-macos-arm64, r-oldrel-macos-x86_64, r-oldrel-windows-ix86+x86_64