Last updated on 2022-04-24 03:52:30 CEST.
Flavor | Version | Tinstall | Tcheck | Ttotal | Status | Flags |
---|---|---|---|---|---|---|
r-devel-linux-x86_64-debian-clang | 0.7.0 | 111.33 | 315.90 | 427.23 | OK | |
r-devel-linux-x86_64-debian-gcc | 0.7.0 | 85.42 | 232.04 | 317.46 | OK | |
r-devel-linux-x86_64-fedora-clang | 0.7.0 | 533.51 | NOTE | |||
r-devel-linux-x86_64-fedora-gcc | 0.7.0 | 3.10 | ERROR | |||
r-patched-linux-x86_64 | 0.7.0 | 97.45 | 301.79 | 399.24 | OK | |
r-release-linux-x86_64 | 0.7.0 | 98.60 | 305.98 | 404.58 | OK | |
r-release-macos-arm64 | 0.7.0 | NOTE | ||||
r-release-macos-x86_64 | 0.7.0 | NOTE | ||||
r-release-windows-x86_64 | 0.7.0 | 133.00 | 375.00 | 508.00 | OK | |
r-oldrel-macos-arm64 | 0.7.0 | NOTE | ||||
r-oldrel-macos-x86_64 | 0.7.0 | NOTE | ||||
r-oldrel-windows-ix86+x86_64 | 0.7.0 | 224.00 | 514.00 | 738.00 | OK |
Version: 0.7.0
Check: installed package size
Result: NOTE
installed size is 12.6Mb
sub-directories of 1Mb or more:
libs 11.2Mb
Flavors: r-devel-linux-x86_64-fedora-clang, r-release-macos-arm64, r-release-macos-x86_64, r-oldrel-macos-arm64, r-oldrel-macos-x86_64
Version: 0.7.0
Check: package dependencies
Result: ERROR
Package required but not available: ‘GIGrvg’
See section ‘The DESCRIPTION file’ in the ‘Writing R Extensions’
manual.
Flavor: r-devel-linux-x86_64-fedora-gcc