Last updated on 2022-04-24 03:52:30 CEST.
Flavor | Version | Tinstall | Tcheck | Ttotal | Status | Flags |
---|---|---|---|---|---|---|
r-devel-linux-x86_64-debian-clang | 1.5-0 | 142.39 | 65.55 | 207.94 | OK | |
r-devel-linux-x86_64-debian-gcc | 1.5-0 | 109.19 | 49.86 | 159.05 | OK | |
r-devel-linux-x86_64-fedora-clang | 1.5-0 | 302.23 | OK | |||
r-devel-linux-x86_64-fedora-gcc | 1.5-0 | 259.57 | OK | |||
r-patched-linux-x86_64 | 1.5-0 | 125.71 | 62.79 | 188.50 | OK | |
r-release-linux-x86_64 | 1.5-0 | 128.13 | 61.62 | 189.75 | OK | |
r-release-macos-arm64 | 1.5-0 | NOTE | ||||
r-release-macos-x86_64 | 1.5-0 | OK | ||||
r-release-windows-x86_64 | 1.5-0 | 110.00 | 113.00 | 223.00 | OK | |
r-oldrel-macos-arm64 | 1.5-0 | NOTE | ||||
r-oldrel-macos-x86_64 | 1.5-0 | OK | ||||
r-oldrel-windows-ix86+x86_64 | 1.5-0 | 340.00 | 112.00 | 452.00 | OK |
Version: 1.5-0
Check: installed package size
Result: NOTE
installed size is 5.4Mb
sub-directories of 1Mb or more:
libs 5.0Mb
Flavors: r-release-macos-arm64, r-oldrel-macos-arm64