Last updated on 2022-04-24 03:52:30 CEST.
Flavor | Version | Tinstall | Tcheck | Ttotal | Status | Flags |
---|---|---|---|---|---|---|
r-devel-linux-x86_64-debian-clang | 1.15.6 | 5.74 | 50.83 | 56.57 | NOTE | |
r-devel-linux-x86_64-debian-gcc | 1.15.6 | 4.20 | 38.15 | 42.35 | NOTE | |
r-devel-linux-x86_64-fedora-clang | 1.15.6 | 68.67 | NOTE | |||
r-devel-linux-x86_64-fedora-gcc | 1.15.6 | 56.64 | NOTE | |||
r-patched-linux-x86_64 | 1.15.6 | 4.52 | 50.36 | 54.88 | NOTE | |
r-release-linux-x86_64 | 1.15.6 | 4.11 | 49.21 | 53.32 | NOTE | |
r-release-macos-arm64 | 1.15.6 | NOTE | ||||
r-release-macos-x86_64 | 1.15.6 | NOTE | ||||
r-release-windows-x86_64 | 1.15.6 | 23.00 | 68.00 | 91.00 | NOTE | |
r-oldrel-macos-arm64 | 1.15.6 | NOTE | ||||
r-oldrel-macos-x86_64 | 1.15.6 | NOTE | ||||
r-oldrel-windows-ix86+x86_64 | 1.15.6 | 15.00 | 82.00 | 97.00 | NOTE |
Version: 1.15.6
Check: LazyData
Result: NOTE
'LazyData' is specified without a 'data' directory
Flavors: r-devel-linux-x86_64-debian-clang, r-devel-linux-x86_64-debian-gcc, r-devel-linux-x86_64-fedora-clang, r-devel-linux-x86_64-fedora-gcc, r-patched-linux-x86_64, r-release-linux-x86_64, r-release-macos-arm64, r-release-macos-x86_64, r-release-windows-x86_64, r-oldrel-macos-arm64, r-oldrel-macos-x86_64, r-oldrel-windows-ix86+x86_64