Last updated on 2022-04-24 03:52:30 CEST.
Flavor | Version | Tinstall | Tcheck | Ttotal | Status | Flags |
---|---|---|---|---|---|---|
r-devel-linux-x86_64-debian-clang | 1.0.0 | 3.11 | 33.97 | 37.08 | NOTE | |
r-devel-linux-x86_64-debian-gcc | 1.0.0 | 2.33 | 26.38 | 28.71 | NOTE | |
r-devel-linux-x86_64-fedora-clang | 1.0.0 | 45.47 | NOTE | |||
r-devel-linux-x86_64-fedora-gcc | 1.0.0 | 33.10 | NOTE | |||
r-patched-linux-x86_64 | 1.0.0 | 2.70 | 33.06 | 35.76 | NOTE | |
r-release-linux-x86_64 | 1.0.0 | 2.14 | 32.32 | 34.46 | NOTE | |
r-release-macos-arm64 | 1.0.0 | NOTE | ||||
r-release-macos-x86_64 | 1.0.0 | NOTE | ||||
r-release-windows-x86_64 | 1.0.0 | 15.00 | 45.00 | 60.00 | NOTE | |
r-oldrel-macos-arm64 | 1.0.0 | NOTE | ||||
r-oldrel-macos-x86_64 | 1.0.0 | NOTE | ||||
r-oldrel-windows-ix86+x86_64 | 1.0.0 | 6.00 | 26.00 | 32.00 | NOTE |
Version: 1.0.0
Check: LazyData
Result: NOTE
'LazyData' is specified without a 'data' directory
Flavors: r-devel-linux-x86_64-debian-clang, r-devel-linux-x86_64-debian-gcc, r-devel-linux-x86_64-fedora-clang, r-devel-linux-x86_64-fedora-gcc, r-patched-linux-x86_64, r-release-linux-x86_64, r-release-macos-arm64, r-release-macos-x86_64, r-release-windows-x86_64, r-oldrel-macos-arm64, r-oldrel-macos-x86_64, r-oldrel-windows-ix86+x86_64