Last updated on 2022-04-24 03:52:30 CEST.
Flavor | Version | Tinstall | Tcheck | Ttotal | Status | Flags |
---|---|---|---|---|---|---|
r-devel-linux-x86_64-debian-clang | 0.1.5 | 150.39 | 101.68 | 252.07 | OK | |
r-devel-linux-x86_64-debian-gcc | 0.1.5 | 122.81 | 70.03 | 192.84 | OK | |
r-devel-linux-x86_64-fedora-clang | 0.1.5 | 366.46 | NOTE | |||
r-devel-linux-x86_64-fedora-gcc | 0.1.5 | 311.57 | OK | |||
r-patched-linux-x86_64 | 0.1.5 | 115.39 | 96.85 | 212.24 | OK | |
r-release-linux-x86_64 | 0.1.5 | 93.64 | 95.19 | 188.83 | OK | |
r-release-macos-arm64 | 0.1.5 | NOTE | ||||
r-release-macos-x86_64 | 0.1.5 | NOTE | ||||
r-release-windows-x86_64 | 0.1.5 | 123.00 | 141.00 | 264.00 | OK | |
r-oldrel-macos-arm64 | 0.1.5 | NOTE | ||||
r-oldrel-macos-x86_64 | 0.1.5 | NOTE | ||||
r-oldrel-windows-ix86+x86_64 | 0.1.5 | 351.00 | 218.00 | 569.00 | OK |
Version: 0.1.5
Check: installed package size
Result: NOTE
installed size is 8.3Mb
sub-directories of 1Mb or more:
libs 7.9Mb
Flavors: r-devel-linux-x86_64-fedora-clang, r-release-macos-arm64, r-release-macos-x86_64, r-oldrel-macos-arm64, r-oldrel-macos-x86_64