Last updated on 2022-04-24 03:52:30 CEST.
Flavor | Version | Tinstall | Tcheck | Ttotal | Status | Flags |
---|---|---|---|---|---|---|
r-devel-linux-x86_64-debian-clang | 0.0.4 | 3.74 | 43.31 | 47.05 | NOTE | |
r-devel-linux-x86_64-debian-gcc | 0.0.4 | 2.08 | 32.91 | 34.99 | NOTE | |
r-devel-linux-x86_64-fedora-clang | 0.0.4 | 57.09 | NOTE | |||
r-devel-linux-x86_64-fedora-gcc | 0.0.4 | 43.15 | NOTE | |||
r-patched-linux-x86_64 | 0.0.4 | 3.59 | 42.30 | 45.89 | NOTE | |
r-release-linux-x86_64 | 0.0.4 | 2.55 | 41.23 | 43.78 | NOTE | |
r-release-macos-arm64 | 0.0.4 | NOTE | ||||
r-release-macos-x86_64 | 0.0.4 | NOTE | ||||
r-release-windows-x86_64 | 0.0.4 | 18.00 | 57.00 | 75.00 | NOTE | |
r-oldrel-macos-arm64 | 0.0.4 | NOTE | ||||
r-oldrel-macos-x86_64 | 0.0.4 | NOTE | ||||
r-oldrel-windows-ix86+x86_64 | 0.0.4 | 7.00 | 49.00 | 56.00 | NOTE |
Version: 0.0.4
Check: package dependencies
Result: NOTE
Package suggested but not available for checking: 'RGtk2'
Flavors: r-devel-linux-x86_64-debian-clang, r-devel-linux-x86_64-debian-gcc, r-devel-linux-x86_64-fedora-clang, r-devel-linux-x86_64-fedora-gcc, r-patched-linux-x86_64, r-release-linux-x86_64, r-release-macos-arm64, r-oldrel-macos-arm64
Version: 0.0.4
Check: LazyData
Result: NOTE
'LazyData' is specified without a 'data' directory
Flavors: r-devel-linux-x86_64-debian-clang, r-devel-linux-x86_64-debian-gcc, r-devel-linux-x86_64-fedora-clang, r-devel-linux-x86_64-fedora-gcc, r-patched-linux-x86_64, r-release-linux-x86_64, r-release-macos-arm64, r-release-macos-x86_64, r-release-windows-x86_64, r-oldrel-macos-arm64, r-oldrel-macos-x86_64, r-oldrel-windows-ix86+x86_64