Last updated on 2022-04-24 03:52:30 CEST.
Flavor | Version | Tinstall | Tcheck | Ttotal | Status | Flags |
---|---|---|---|---|---|---|
r-devel-linux-x86_64-debian-clang | 1.5-8 | 73.64 | 105.36 | 179.00 | OK | |
r-devel-linux-x86_64-debian-gcc | 1.5-8 | 55.54 | 76.62 | 132.16 | OK | |
r-devel-linux-x86_64-fedora-clang | 1.5-8 | 236.70 | OK | |||
r-devel-linux-x86_64-fedora-gcc | 1.5-8 | 206.16 | OK | |||
r-patched-linux-x86_64 | 1.5-8 | 57.59 | 98.82 | 156.41 | OK | |
r-release-linux-x86_64 | 1.5-8 | 61.97 | 93.10 | 155.07 | OK | |
r-release-macos-arm64 | 1.5-8 | NOTE | ||||
r-release-macos-x86_64 | 1.5-8 | OK | ||||
r-release-windows-x86_64 | 1.5-8 | 92.00 | 130.00 | 222.00 | OK | |
r-oldrel-macos-arm64 | 1.5-8 | NOTE | ||||
r-oldrel-macos-x86_64 | 1.5-8 | OK | ||||
r-oldrel-windows-ix86+x86_64 | 1.5-8 | 180.00 | 143.00 | 323.00 | OK |
Version: 1.5-8
Check: package dependencies
Result: NOTE
Package which this enhances but not available for checking: ‘JointAI’
Flavors: r-release-macos-arm64, r-oldrel-macos-arm64