Last updated on 2022-04-24 03:52:30 CEST.
Flavor | Version | Tinstall | Tcheck | Ttotal | Status | Flags |
---|---|---|---|---|---|---|
r-devel-linux-x86_64-debian-clang | 0.2.5 | 39.42 | 103.22 | 142.64 | OK | |
r-devel-linux-x86_64-debian-gcc | 0.2.5 | 39.38 | 78.26 | 117.64 | OK | |
r-devel-linux-x86_64-fedora-clang | 0.2.5 | 192.36 | NOTE | |||
r-devel-linux-x86_64-fedora-gcc | 0.2.5 | 165.85 | NOTE | |||
r-patched-linux-x86_64 | 0.2.5 | 43.74 | 97.48 | 141.22 | OK | |
r-release-linux-x86_64 | 0.2.5 | 39.41 | 95.11 | 134.52 | OK | |
r-release-macos-arm64 | 0.2.5 | NOTE | ||||
r-release-macos-x86_64 | 0.2.5 | NOTE | ||||
r-release-windows-x86_64 | 0.2.5 | 60.00 | 125.00 | 185.00 | OK | |
r-oldrel-macos-arm64 | 0.2.5 | NOTE | ||||
r-oldrel-macos-x86_64 | 0.2.5 | NOTE | ||||
r-oldrel-windows-ix86+x86_64 | 0.2.5 | 65.00 | 122.00 | 187.00 | OK |
Version: 0.2.5
Check: data for non-ASCII characters
Result: NOTE
Note: found 2866 marked UTF-8 strings
Flavors: r-devel-linux-x86_64-fedora-clang, r-devel-linux-x86_64-fedora-gcc, r-release-macos-arm64, r-release-macos-x86_64, r-oldrel-macos-arm64, r-oldrel-macos-x86_64
Version: 0.2.5
Check: installed package size
Result: NOTE
installed size is 5.2Mb
sub-directories of 1Mb or more:
data 5.0Mb
Flavors: r-release-macos-arm64, r-oldrel-macos-arm64