Last updated on 2022-04-24 03:52:30 CEST.
Flavor | Version | Tinstall | Tcheck | Ttotal | Status | Flags |
---|---|---|---|---|---|---|
r-devel-linux-x86_64-debian-clang | 0.5 | 11.73 | 105.20 | 116.93 | NOTE | |
r-devel-linux-x86_64-debian-gcc | 0.5 | 8.68 | 78.24 | 86.92 | NOTE | |
r-devel-linux-x86_64-fedora-clang | 0.5 | 136.27 | NOTE | |||
r-devel-linux-x86_64-fedora-gcc | 0.5 | 122.82 | NOTE | |||
r-patched-linux-x86_64 | 0.5 | 12.85 | 101.03 | 113.88 | NOTE | |
r-release-linux-x86_64 | 0.5 | 7.54 | 93.27 | 100.81 | NOTE | |
r-release-macos-arm64 | 0.5 | NOTE | ||||
r-release-macos-x86_64 | 0.5 | NOTE | ||||
r-release-windows-x86_64 | 0.5 | 25.00 | 118.00 | 143.00 | NOTE | |
r-oldrel-macos-arm64 | 0.5 | NOTE | ||||
r-oldrel-macos-x86_64 | 0.5 | NOTE | ||||
r-oldrel-windows-ix86+x86_64 | 0.5 | 24.00 | 116.00 | 140.00 | NOTE |
Version: 0.5
Check: LazyData
Result: NOTE
'LazyData' is specified without a 'data' directory
Flavors: r-devel-linux-x86_64-debian-clang, r-devel-linux-x86_64-debian-gcc, r-devel-linux-x86_64-fedora-clang, r-devel-linux-x86_64-fedora-gcc, r-patched-linux-x86_64, r-release-linux-x86_64, r-release-macos-arm64, r-release-macos-x86_64, r-release-windows-x86_64, r-oldrel-macos-arm64, r-oldrel-macos-x86_64, r-oldrel-windows-ix86+x86_64