Last updated on 2022-04-24 03:52:30 CEST.
Flavor | Version | Tinstall | Tcheck | Ttotal | Status | Flags |
---|---|---|---|---|---|---|
r-devel-linux-x86_64-debian-clang | 2.3.7 | 372.23 | 527.32 | 899.55 | WARN | |
r-devel-linux-x86_64-debian-gcc | 2.3.7 | 347.63 | 385.07 | 732.70 | OK | |
r-devel-linux-x86_64-fedora-clang | 2.3.7 | 1304.72 | WARN | |||
r-devel-linux-x86_64-fedora-gcc | 2.3.7 | 1206.61 | NOTE | |||
r-patched-linux-x86_64 | 2.3.7 | 319.85 | 500.09 | 819.94 | OK | |
r-release-linux-x86_64 | 2.3.7 | 316.65 | 523.55 | 840.20 | OK | |
r-release-macos-arm64 | 2.3.7 | NOTE | ||||
r-release-macos-x86_64 | 2.3.7 | NOTE | ||||
r-release-windows-x86_64 | 2.3.7 | 292.00 | 563.00 | 855.00 | NOTE | |
r-oldrel-macos-arm64 | 2.3.7 | NOTE | ||||
r-oldrel-macos-x86_64 | 2.3.7 | NOTE | ||||
r-oldrel-windows-ix86+x86_64 | 2.3.7 | 825.00 | 784.00 | 1609.00 | ERROR |
Version: 2.3.7
Check: whether package can be installed
Result: WARN
Found the following significant warnings:
firebehaviour.cpp:281:8: warning: use of bitwise '&' with boolean operands [-Wbitwise-instead-of-logical]
firebehaviour.cpp:392:8: warning: use of bitwise '&' with boolean operands [-Wbitwise-instead-of-logical]
forestutils.cpp:200:36: warning: use of bitwise '&' with boolean operands [-Wbitwise-instead-of-logical]
forestutils.cpp:252:36: warning: use of bitwise '&' with boolean operands [-Wbitwise-instead-of-logical]
forestutils.cpp:264:8: warning: use of bitwise '&' with boolean operands [-Wbitwise-instead-of-logical]
forestutils.cpp:275:8: warning: use of bitwise '&' with boolean operands [-Wbitwise-instead-of-logical]
forestutils.cpp:550:8: warning: use of bitwise '&' with boolean operands [-Wbitwise-instead-of-logical]
forestutils.cpp:679:8: warning: use of bitwise '&' with boolean operands [-Wbitwise-instead-of-logical]
forestutils.cpp:729:8: warning: use of bitwise '&' with boolean operands [-Wbitwise-instead-of-logical]
forestutils.cpp:782:8: warning: use of bitwise '&' with boolean operands [-Wbitwise-instead-of-logical]
forestutils.cpp:1196:8: warning: use of bitwise '&' with boolean operands [-Wbitwise-instead-of-logical]
fuelstructure.cpp:177:9: warning: use of bitwise '&' with boolean operands [-Wbitwise-instead-of-logical]
fuelstructure.cpp:178:9: warning: use of bitwise '&' with boolean operands [-Wbitwise-instead-of-logical]
growth.cpp:1791:8: warning: use of bitwise '|' with boolean operands [-Wbitwise-instead-of-logical]
growth.cpp:1945:8: warning: use of bitwise '|' with boolean operands [-Wbitwise-instead-of-logical]
hydraulics.cpp:2162:8: warning: use of bitwise '&' with boolean operands [-Wbitwise-instead-of-logical]
hydrology.cpp:195:10: warning: use of bitwise '&' with boolean operands [-Wbitwise-instead-of-logical]
modelInput.cpp:646:8: warning: use of bitwise '&' with boolean operands [-Wbitwise-instead-of-logical]
modelInput.cpp:682:6: warning: use of bitwise '&' with boolean operands [-Wbitwise-instead-of-logical]
modelInput.cpp:686:6: warning: use of bitwise '&' with boolean operands [-Wbitwise-instead-of-logical]
modelInput.cpp:787:6: warning: use of bitwise '&' with boolean operands [-Wbitwise-instead-of-logical]
modelInput.cpp:792:6: warning: use of bitwise '&' with boolean operands [-Wbitwise-instead-of-logical]
paramutils.cpp:107:15: warning: use of bitwise '|' with boolean operands [-Wbitwise-instead-of-logical]
paramutils.cpp:121:15: warning: use of bitwise '|' with boolean operands [-Wbitwise-instead-of-logical]
paramutils.cpp:142:15: warning: use of bitwise '|' with boolean operands [-Wbitwise-instead-of-logical]
paramutils.cpp:220:17: warning: use of bitwise '|' with boolean operands [-Wbitwise-instead-of-logical]
paramutils.cpp:251:17: warning: use of bitwise '|' with boolean operands [-Wbitwise-instead-of-logical]
paramutils.cpp:282:17: warning: use of bitwise '|' with boolean operands [-Wbitwise-instead-of-logical]
paramutils.cpp:657:12: warning: use of bitwise '&' with boolean operands [-Wbitwise-instead-of-logical]
paramutils.cpp:659:19: warning: use of bitwise '&' with boolean operands [-Wbitwise-instead-of-logical]
paramutils.cpp:659:47: warning: use of bitwise '|' with boolean operands [-Wbitwise-instead-of-logical]
paramutils.cpp:754:12: warning: use of bitwise '&' with boolean operands [-Wbitwise-instead-of-logical]
paramutils.cpp:754:40: warning: use of bitwise '|' with boolean operands [-Wbitwise-instead-of-logical]
paramutils.cpp:756:19: warning: use of bitwise '&' with boolean operands [-Wbitwise-instead-of-logical]
paramutils.cpp:756:80: warning: use of bitwise '|' with boolean operands [-Wbitwise-instead-of-logical]
paramutils.cpp:756:20: warning: use of bitwise '|' with boolean operands [-Wbitwise-instead-of-logical]
paramutils.cpp:819:10: warning: use of bitwise '&' with boolean operands [-Wbitwise-instead-of-logical]
paramutils.cpp:955:10: warning: use of bitwise '|' with boolean operands [-Wbitwise-instead-of-logical]
paramutils.cpp:1217:13: warning: use of bitwise '|' with boolean operands [-Wbitwise-instead-of-logical]
paramutils.cpp:1218:13: warning: use of bitwise '|' with boolean operands [-Wbitwise-instead-of-logical]
paramutils.cpp:1219:13: warning: use of bitwise '|' with boolean operands [-Wbitwise-instead-of-logical]
paramutils.cpp:1220:13: warning: use of bitwise '|' with boolean operands [-Wbitwise-instead-of-logical]
paramutils.cpp:1221:13: warning: use of bitwise '|' with boolean operands [-Wbitwise-instead-of-logical]
paramutils.cpp:1222:13: warning: use of bitwise '|' with boolean operands [-Wbitwise-instead-of-logical]
paramutils.cpp:1223:13: warning: use of bitwise '|' with boolean operands [-Wbitwise-instead-of-logical]
phenology.cpp:9:8: warning: use of bitwise '&' with boolean operands [-Wbitwise-instead-of-logical]
phenology.cpp:110:12: warning: use of bitwise '&' with boolean operands [-Wbitwise-instead-of-logical]
transpiration.cpp:335:8: warning: use of bitwise '&' with boolean operands [-Wbitwise-instead-of-logical]
transpiration.cpp:469:10: warning: use of bitwise '&' with boolean operands [-Wbitwise-instead-of-logical]
transpiration.cpp:470:10: warning: use of bitwise '&' with boolean operands [-Wbitwise-instead-of-logical]
transpiration.cpp:471:10: warning: use of bitwise '&' with boolean operands [-Wbitwise-instead-of-logical]
Flavor: r-devel-linux-x86_64-debian-clang
Version: 2.3.7
Check: whether package can be installed
Result: WARN
Found the following significant warnings:
firebehaviour.cpp:281:8: warning: use of bitwise '&' with boolean operands [-Wbitwise-instead-of-logical]
firebehaviour.cpp:392:8: warning: use of bitwise '&' with boolean operands [-Wbitwise-instead-of-logical]
forestutils.cpp:200:36: warning: use of bitwise '&' with boolean operands [-Wbitwise-instead-of-logical]
forestutils.cpp:252:36: warning: use of bitwise '&' with boolean operands [-Wbitwise-instead-of-logical]
forestutils.cpp:264:8: warning: use of bitwise '&' with boolean operands [-Wbitwise-instead-of-logical]
forestutils.cpp:275:8: warning: use of bitwise '&' with boolean operands [-Wbitwise-instead-of-logical]
forestutils.cpp:550:8: warning: use of bitwise '&' with boolean operands [-Wbitwise-instead-of-logical]
forestutils.cpp:679:8: warning: use of bitwise '&' with boolean operands [-Wbitwise-instead-of-logical]
forestutils.cpp:729:8: warning: use of bitwise '&' with boolean operands [-Wbitwise-instead-of-logical]
forestutils.cpp:782:8: warning: use of bitwise '&' with boolean operands [-Wbitwise-instead-of-logical]
forestutils.cpp:1196:8: warning: use of bitwise '&' with boolean operands [-Wbitwise-instead-of-logical]
fuelstructure.cpp:177:9: warning: use of bitwise '&' with boolean operands [-Wbitwise-instead-of-logical]
fuelstructure.cpp:178:9: warning: use of bitwise '&' with boolean operands [-Wbitwise-instead-of-logical]
growth.cpp:1791:8: warning: use of bitwise '|' with boolean operands [-Wbitwise-instead-of-logical]
growth.cpp:1945:8: warning: use of bitwise '|' with boolean operands [-Wbitwise-instead-of-logical]
hydraulics.cpp:2162:8: warning: use of bitwise '&' with boolean operands [-Wbitwise-instead-of-logical]
hydrology.cpp:195:10: warning: use of bitwise '&' with boolean operands [-Wbitwise-instead-of-logical]
paramutils.cpp:107:15: warning: use of bitwise '|' with boolean operands [-Wbitwise-instead-of-logical]
paramutils.cpp:121:15: warning: use of bitwise '|' with boolean operands [-Wbitwise-instead-of-logical]
paramutils.cpp:142:15: warning: use of bitwise '|' with boolean operands [-Wbitwise-instead-of-logical]
paramutils.cpp:220:17: warning: use of bitwise '|' with boolean operands [-Wbitwise-instead-of-logical]
paramutils.cpp:251:17: warning: use of bitwise '|' with boolean operands [-Wbitwise-instead-of-logical]
paramutils.cpp:282:17: warning: use of bitwise '|' with boolean operands [-Wbitwise-instead-of-logical]
paramutils.cpp:657:12: warning: use of bitwise '&' with boolean operands [-Wbitwise-instead-of-logical]
paramutils.cpp:659:19: warning: use of bitwise '&' with boolean operands [-Wbitwise-instead-of-logical]
paramutils.cpp:659:47: warning: use of bitwise '|' with boolean operands [-Wbitwise-instead-of-logical]
paramutils.cpp:754:12: warning: use of bitwise '&' with boolean operands [-Wbitwise-instead-of-logical]
paramutils.cpp:754:40: warning: use of bitwise '|' with boolean operands [-Wbitwise-instead-of-logical]
paramutils.cpp:756:19: warning: use of bitwise '&' with boolean operands [-Wbitwise-instead-of-logical]
paramutils.cpp:756:80: warning: use of bitwise '|' with boolean operands [-Wbitwise-instead-of-logical]
paramutils.cpp:756:20: warning: use of bitwise '|' with boolean operands [-Wbitwise-instead-of-logical]
paramutils.cpp:819:10: warning: use of bitwise '&' with boolean operands [-Wbitwise-instead-of-logical]
paramutils.cpp:955:10: warning: use of bitwise '|' with boolean operands [-Wbitwise-instead-of-logical]
paramutils.cpp:1217:13: warning: use of bitwise '|' with boolean operands [-Wbitwise-instead-of-logical]
paramutils.cpp:1218:13: warning: use of bitwise '|' with boolean operands [-Wbitwise-instead-of-logical]
paramutils.cpp:1219:13: warning: use of bitwise '|' with boolean operands [-Wbitwise-instead-of-logical]
paramutils.cpp:1220:13: warning: use of bitwise '|' with boolean operands [-Wbitwise-instead-of-logical]
paramutils.cpp:1221:13: warning: use of bitwise '|' with boolean operands [-Wbitwise-instead-of-logical]
paramutils.cpp:1222:13: warning: use of bitwise '|' with boolean operands [-Wbitwise-instead-of-logical]
modelInput.cpp:646:8: warning: use of bitwise '&' with boolean operands [-Wbitwise-instead-of-logical]
paramutils.cpp:1223:13: warning: use of bitwise '|' with boolean operands [-Wbitwise-instead-of-logical]
modelInput.cpp:682:6: warning: use of bitwise '&' with boolean operands [-Wbitwise-instead-of-logical]
modelInput.cpp:686:6: warning: use of bitwise '&' with boolean operands [-Wbitwise-instead-of-logical]
modelInput.cpp:787:6: warning: use of bitwise '&' with boolean operands [-Wbitwise-instead-of-logical]
modelInput.cpp:792:6: warning: use of bitwise '&' with boolean operands [-Wbitwise-instead-of-logical]
phenology.cpp:9:8: warning: use of bitwise '&' with boolean operands [-Wbitwise-instead-of-logical]
phenology.cpp:110:12: warning: use of bitwise '&' with boolean operands [-Wbitwise-instead-of-logical]
transpiration.cpp:335:8: warning: use of bitwise '&' with boolean operands [-Wbitwise-instead-of-logical]
transpiration.cpp:469:10: warning: use of bitwise '&' with boolean operands [-Wbitwise-instead-of-logical]
transpiration.cpp:470:10: warning: use of bitwise '&' with boolean operands [-Wbitwise-instead-of-logical]
transpiration.cpp:471:10: warning: use of bitwise '&' with boolean operands [-Wbitwise-instead-of-logical]
Flavor: r-devel-linux-x86_64-fedora-clang
Version: 2.3.7
Check: installed package size
Result: NOTE
installed size is 24.9Mb
sub-directories of 1Mb or more:
doc 3.2Mb
libs 20.6Mb
Flavors: r-devel-linux-x86_64-fedora-clang, r-release-macos-arm64, r-release-macos-x86_64, r-release-windows-x86_64, r-oldrel-macos-arm64, r-oldrel-macos-x86_64, r-oldrel-windows-ix86+x86_64
Version: 2.3.7
Check: data for non-ASCII characters
Result: NOTE
Note: found 19 marked UTF-8 strings
Flavors: r-devel-linux-x86_64-fedora-clang, r-devel-linux-x86_64-fedora-gcc, r-release-macos-arm64, r-release-macos-x86_64, r-oldrel-macos-arm64, r-oldrel-macos-x86_64
Version: 2.3.7
Check: PDF version of manual
Result: WARN
LaTeX errors when creating PDF version.
This typically indicates Rd problems.
LaTeX errors found:
! Package inputenc Error: Unicode char â<c2><80><c2><90> (U+2010)
(inputenc) not set up for use with LaTeX.
See the inputenc package documentation for explanation.
Type H <return> for immediate help.
! Package inputenc Error: Unicode char â<c2><80><c2><90> (U+2010)
(inputenc) not set up for use with LaTeX.
See the inputenc package documentation for explanation.
Type H <return> for immediate help.
Flavor: r-oldrel-windows-ix86+x86_64
Version: 2.3.7
Check: PDF version of manual without hyperrefs or index
Result: ERROR
Flavor: r-oldrel-windows-ix86+x86_64