Last updated on 2022-04-24 03:52:30 CEST.
Flavor | Version | Tinstall | Tcheck | Ttotal | Status | Flags |
---|---|---|---|---|---|---|
r-devel-linux-x86_64-debian-clang | 0.0.5 | 5.51 | 99.01 | 104.52 | NOTE | |
r-devel-linux-x86_64-debian-gcc | 0.0.5 | 4.52 | 74.89 | 79.41 | NOTE | |
r-devel-linux-x86_64-fedora-clang | 0.0.5 | 125.54 | NOTE | |||
r-devel-linux-x86_64-fedora-gcc | 0.0.5 | 107.66 | NOTE | |||
r-patched-linux-x86_64 | 0.0.5 | 5.83 | 91.88 | 97.71 | NOTE | |
r-release-linux-x86_64 | 0.0.5 | 4.42 | 88.64 | 93.06 | NOTE | |
r-release-macos-arm64 | 0.0.5 | NOTE | ||||
r-release-macos-x86_64 | 0.0.5 | NOTE | ||||
r-release-windows-x86_64 | 0.0.5 | 24.00 | 135.00 | 159.00 | NOTE | |
r-oldrel-macos-arm64 | 0.0.5 | NOTE | ||||
r-oldrel-macos-x86_64 | 0.0.5 | NOTE | ||||
r-oldrel-windows-ix86+x86_64 | 0.0.5 | 14.00 | 110.00 | 124.00 | NOTE |
Version: 0.0.5
Check: LazyData
Result: NOTE
'LazyData' is specified without a 'data' directory
Flavors: r-devel-linux-x86_64-debian-clang, r-devel-linux-x86_64-debian-gcc, r-devel-linux-x86_64-fedora-clang, r-devel-linux-x86_64-fedora-gcc, r-patched-linux-x86_64, r-release-linux-x86_64, r-release-macos-arm64, r-release-macos-x86_64, r-release-windows-x86_64, r-oldrel-macos-arm64, r-oldrel-macos-x86_64, r-oldrel-windows-ix86+x86_64
Version: 0.0.5
Check: dependencies in R code
Result: NOTE
Namespace in Imports field not imported from: ‘vroom’
All declared Imports should be used.
Flavors: r-devel-linux-x86_64-fedora-clang, r-devel-linux-x86_64-fedora-gcc, r-release-macos-arm64, r-release-macos-x86_64, r-oldrel-macos-arm64, r-oldrel-macos-x86_64