Last updated on 2022-04-24 03:52:30 CEST.
Flavor | Version | Tinstall | Tcheck | Ttotal | Status | Flags |
---|---|---|---|---|---|---|
r-devel-linux-x86_64-debian-clang | 0.3 | 1.80 | 38.31 | 40.11 | NOTE | |
r-devel-linux-x86_64-debian-gcc | 0.3 | 1.93 | 30.05 | 31.98 | NOTE | |
r-devel-linux-x86_64-fedora-clang | 0.3 | 49.51 | NOTE | |||
r-devel-linux-x86_64-fedora-gcc | 0.3 | 38.82 | NOTE | |||
r-patched-linux-x86_64 | 0.3 | 3.16 | 36.86 | 40.02 | NOTE | |
r-release-linux-x86_64 | 0.3 | 1.90 | 35.64 | 37.54 | NOTE | |
r-release-macos-arm64 | 0.3 | NOTE | ||||
r-release-macos-x86_64 | 0.3 | NOTE | ||||
r-release-windows-x86_64 | 0.3 | 10.00 | 55.00 | 65.00 | NOTE | |
r-oldrel-macos-arm64 | 0.3 | NOTE | ||||
r-oldrel-macos-x86_64 | 0.3 | NOTE | ||||
r-oldrel-windows-ix86+x86_64 | 0.3 | 6.00 | 46.00 | 52.00 | NOTE |
Version: 0.3
Check: R code for possible problems
Result: NOTE
.df: no visible global function definition for 'logLik'
coef_simple: no visible global function definition for 'coef'
fitall: no visible binding for global variable 'as.formula'
fitbest: no visible binding for global variable 'as.formula'
lmboot: no visible global function definition for 'lm'
residuals.ensemble : <anonymous>: no visible global function definition
for 'resid'
residuals.ensemble : <anonymous>: no visible global function definition
for 'rstudent'
residuals.ensemble : <anonymous>: no visible global function definition
for 'fitted'
residuals.ensemble : <anonymous>: no visible global function definition
for 'influence.measures'
stdcoef: no visible global function definition for 'coef'
stdcoef: no visible global function definition for 'update'
summary.ensemble : <anonymous>: no visible global function definition
for 'logLik'
summary.ensemble : <anonymous>: no visible global function definition
for 'AIC'
summary.ensemble : <anonymous>: no visible global function definition
for 'fitted'
summary.resid_ensemble: no visible binding for global variable
'rstudent'
summary.resid_ensemble: no visible global function definition for 'sd'
summary.variable_ensemble: no visible global function definition for
'sd'
Undefined global functions or variables:
AIC as.formula coef fitted influence.measures lm logLik resid
rstudent sd update
Consider adding
importFrom("stats", "AIC", "as.formula", "coef", "fitted",
"influence.measures", "lm", "logLik", "resid", "rstudent",
"sd", "update")
to your NAMESPACE file.
Flavors: r-devel-linux-x86_64-debian-clang, r-devel-linux-x86_64-debian-gcc, r-devel-linux-x86_64-fedora-clang, r-devel-linux-x86_64-fedora-gcc, r-patched-linux-x86_64, r-release-linux-x86_64, r-release-macos-arm64, r-release-macos-x86_64, r-release-windows-x86_64, r-oldrel-macos-arm64, r-oldrel-macos-x86_64, r-oldrel-windows-ix86+x86_64
Version: 0.3
Check: LazyData
Result: NOTE
'LazyData' is specified without a 'data' directory
Flavors: r-devel-linux-x86_64-debian-clang, r-devel-linux-x86_64-debian-gcc, r-devel-linux-x86_64-fedora-clang, r-devel-linux-x86_64-fedora-gcc, r-patched-linux-x86_64, r-release-linux-x86_64, r-release-macos-arm64, r-release-macos-x86_64, r-release-windows-x86_64, r-oldrel-macos-arm64, r-oldrel-macos-x86_64, r-oldrel-windows-ix86+x86_64