Last updated on 2022-04-24 03:52:30 CEST.
Flavor | Version | Tinstall | Tcheck | Ttotal | Status | Flags |
---|---|---|---|---|---|---|
r-devel-linux-x86_64-debian-clang | 1.4.0 | 251.88 | 65.45 | 317.33 | OK | |
r-devel-linux-x86_64-debian-gcc | 1.4.0 | 204.37 | 53.35 | 257.72 | OK | |
r-devel-linux-x86_64-fedora-clang | 1.4.0 | 487.50 | NOTE | |||
r-devel-linux-x86_64-fedora-gcc | 1.4.0 | 400.73 | OK | |||
r-patched-linux-x86_64 | 1.4.0 | 212.89 | 70.02 | 282.91 | OK | |
r-release-linux-x86_64 | 1.4.0 | 200.01 | 66.43 | 266.44 | OK | |
r-release-macos-arm64 | 1.4.0 | NOTE | ||||
r-release-macos-x86_64 | 1.4.0 | NOTE | ||||
r-release-windows-x86_64 | 1.4.0 | 161.00 | 115.00 | 276.00 | OK | |
r-oldrel-macos-arm64 | 1.4.0 | NOTE | ||||
r-oldrel-macos-x86_64 | 1.4.0 | NOTE | ||||
r-oldrel-windows-ix86+x86_64 | 1.4.0 | 518.00 | 120.00 | 638.00 | OK |
Version: 1.4.0
Check: installed package size
Result: NOTE
installed size is 43.9Mb
sub-directories of 1Mb or more:
libs 43.7Mb
Flavors: r-devel-linux-x86_64-fedora-clang, r-release-macos-arm64, r-release-macos-x86_64, r-oldrel-macos-arm64, r-oldrel-macos-x86_64