Last updated on 2022-04-24 03:52:30 CEST.
Flavor | Version | Tinstall | Tcheck | Ttotal | Status | Flags |
---|---|---|---|---|---|---|
r-devel-linux-x86_64-debian-clang | 1.0.0 | 44.19 | 72.46 | 116.65 | OK | |
r-devel-linux-x86_64-debian-gcc | 1.0.0 | 36.57 | 48.19 | 84.76 | OK | |
r-devel-linux-x86_64-fedora-clang | 1.0.0 | 157.07 | NOTE | |||
r-devel-linux-x86_64-fedora-gcc | 1.0.0 | 124.19 | NOTE | |||
r-patched-linux-x86_64 | 1.0.0 | 47.60 | 62.18 | 109.78 | OK | |
r-release-linux-x86_64 | 1.0.0 | 37.10 | 59.37 | 96.47 | OK | |
r-release-macos-arm64 | 1.0.0 | NOTE | ||||
r-release-macos-x86_64 | 1.0.0 | NOTE | ||||
r-release-windows-x86_64 | 1.0.0 | 60.00 | 98.00 | 158.00 | OK | |
r-oldrel-macos-arm64 | 1.0.0 | NOTE | ||||
r-oldrel-macos-x86_64 | 1.0.0 | NOTE | ||||
r-oldrel-windows-ix86+x86_64 | 1.0.0 | 123.00 | 113.00 | 236.00 | OK |
Version: 1.0.0
Check: dependencies in R code
Result: NOTE
Namespaces in Imports field not imported from:
‘R6’ ‘rlang’
All declared Imports should be used.
Flavors: r-devel-linux-x86_64-fedora-clang, r-devel-linux-x86_64-fedora-gcc, r-release-macos-arm64, r-release-macos-x86_64, r-oldrel-macos-arm64, r-oldrel-macos-x86_64