Last updated on 2022-04-24 03:52:30 CEST.
Flavor | Version | Tinstall | Tcheck | Ttotal | Status | Flags |
---|---|---|---|---|---|---|
r-devel-linux-x86_64-debian-clang | 2.14 | 4.51 | 47.18 | 51.69 | OK | |
r-devel-linux-x86_64-debian-gcc | 2.14 | 3.34 | 36.33 | 39.67 | OK | |
r-devel-linux-x86_64-fedora-clang | 2.14 | 64.20 | NOTE | |||
r-devel-linux-x86_64-fedora-gcc | 2.14 | 53.32 | NOTE | |||
r-patched-linux-x86_64 | 2.14 | 3.58 | 44.65 | 48.23 | OK | |
r-release-linux-x86_64 | 2.14 | 2.45 | 43.27 | 45.72 | OK | |
r-release-macos-arm64 | 2.14 | NOTE | ||||
r-release-macos-x86_64 | 2.14 | NOTE | ||||
r-release-windows-x86_64 | 2.14 | 11.00 | 64.00 | 75.00 | OK | |
r-oldrel-macos-arm64 | 2.14 | NOTE | ||||
r-oldrel-macos-x86_64 | 2.14 | NOTE | ||||
r-oldrel-windows-ix86+x86_64 | 2.14 | 13.00 | 61.00 | 74.00 | OK |
Version: 2.14
Check: package dependencies
Result: NOTE
Imports includes 21 non-default packages.
Importing from so many packages makes the package vulnerable to any of
them becoming unavailable. Move as many as possible to Suggests and
use conditionally.
Flavor: r-devel-linux-x86_64-fedora-clang
Version: 2.14
Check: dependencies in R code
Result: NOTE
Namespaces in Imports field not imported from:
‘DT’ ‘RColorBrewer’ ‘RODBC’ ‘dplyr’ ‘foreign’ ‘formattable’ ‘ggplot2’
‘haven’ ‘mem’ ‘openxlsx’ ‘plotly’ ‘readxl’ ‘shinyBS’ ‘shinyWidgets’
‘shinydashboard’ ‘shinyjs’ ‘shinythemes’ ‘stringi’ ‘stringr’ ‘tidyr’
All declared Imports should be used.
Flavors: r-devel-linux-x86_64-fedora-clang, r-devel-linux-x86_64-fedora-gcc, r-release-macos-arm64, r-release-macos-x86_64, r-oldrel-macos-arm64, r-oldrel-macos-x86_64