Last updated on 2022-04-24 03:52:30 CEST.
Flavor | Version | Tinstall | Tcheck | Ttotal | Status | Flags |
---|---|---|---|---|---|---|
r-devel-linux-x86_64-debian-clang | 0.1.1 | 1.71 | 30.59 | 32.30 | NOTE | |
r-devel-linux-x86_64-debian-gcc | 0.1.1 | 1.48 | 24.10 | 25.58 | NOTE | |
r-devel-linux-x86_64-fedora-clang | 0.1.1 | 40.65 | NOTE | |||
r-devel-linux-x86_64-fedora-gcc | 0.1.1 | 29.20 | NOTE | |||
r-patched-linux-x86_64 | 0.1.1 | 1.39 | 30.31 | 31.70 | NOTE | |
r-release-linux-x86_64 | 0.1.1 | 1.60 | 30.03 | 31.63 | NOTE | |
r-release-macos-arm64 | 0.1.1 | NOTE | ||||
r-release-macos-x86_64 | 0.1.1 | NOTE | ||||
r-release-windows-x86_64 | 0.1.1 | 11.00 | 53.00 | 64.00 | NOTE | |
r-oldrel-macos-arm64 | 0.1.1 | NOTE | ||||
r-oldrel-macos-x86_64 | 0.1.1 | NOTE | ||||
r-oldrel-windows-ix86+x86_64 | 0.1.1 | 5.00 | 26.00 | 31.00 | NOTE |
Version: 0.1.1
Check: LazyData
Result: NOTE
'LazyData' is specified without a 'data' directory
Flavors: r-devel-linux-x86_64-debian-clang, r-devel-linux-x86_64-debian-gcc, r-devel-linux-x86_64-fedora-clang, r-devel-linux-x86_64-fedora-gcc, r-patched-linux-x86_64, r-release-linux-x86_64, r-release-macos-arm64, r-release-macos-x86_64, r-release-windows-x86_64, r-oldrel-macos-arm64, r-oldrel-macos-x86_64, r-oldrel-windows-ix86+x86_64