Last updated on 2022-04-24 03:52:30 CEST.
Flavor | Version | Tinstall | Tcheck | Ttotal | Status | Flags |
---|---|---|---|---|---|---|
r-devel-linux-x86_64-debian-clang | 1.1.1 | 6.19 | 144.31 | 150.50 | NOTE | |
r-devel-linux-x86_64-debian-gcc | 1.1.1 | 4.14 | 100.08 | 104.22 | NOTE | |
r-devel-linux-x86_64-fedora-clang | 1.1.1 | 171.97 | NOTE | |||
r-devel-linux-x86_64-fedora-gcc | 1.1.1 | 159.27 | NOTE | |||
r-patched-linux-x86_64 | 1.1.1 | 5.84 | 136.46 | 142.30 | NOTE | |
r-release-linux-x86_64 | 1.1.1 | 5.63 | 135.55 | 141.18 | NOTE | |
r-release-macos-arm64 | 1.1.1 | NOTE | ||||
r-release-macos-x86_64 | 1.1.1 | NOTE | ||||
r-release-windows-x86_64 | 1.1.1 | 45.00 | 159.00 | 204.00 | NOTE | |
r-oldrel-macos-arm64 | 1.1.1 | NOTE | ||||
r-oldrel-macos-x86_64 | 1.1.1 | NOTE | ||||
r-oldrel-windows-ix86+x86_64 | 1.1.1 | 11.00 | 159.00 | 170.00 | NOTE |
Version: 1.1.1
Check: LazyData
Result: NOTE
'LazyData' is specified without a 'data' directory
Flavors: r-devel-linux-x86_64-debian-clang, r-devel-linux-x86_64-debian-gcc, r-devel-linux-x86_64-fedora-clang, r-devel-linux-x86_64-fedora-gcc, r-patched-linux-x86_64, r-release-linux-x86_64, r-release-macos-arm64, r-release-macos-x86_64, r-release-windows-x86_64, r-oldrel-macos-arm64, r-oldrel-macos-x86_64, r-oldrel-windows-ix86+x86_64
Version: 1.1.1
Check: dependencies in R code
Result: NOTE
Namespace in Imports field not imported from: ‘urca’
All declared Imports should be used.
Flavors: r-devel-linux-x86_64-fedora-clang, r-devel-linux-x86_64-fedora-gcc, r-release-macos-arm64, r-release-macos-x86_64, r-oldrel-macos-arm64, r-oldrel-macos-x86_64