Last updated on 2022-04-24 03:52:30 CEST.
Flavor | Version | Tinstall | Tcheck | Ttotal | Status | Flags |
---|---|---|---|---|---|---|
r-devel-linux-x86_64-debian-clang | 1.0.2 | 2.28 | 37.66 | 39.94 | NOTE | |
r-devel-linux-x86_64-debian-gcc | 1.0.2 | 1.92 | 28.71 | 30.63 | NOTE | |
r-devel-linux-x86_64-fedora-clang | 1.0.2 | 51.21 | NOTE | |||
r-devel-linux-x86_64-fedora-gcc | 1.0.2 | 38.35 | NOTE | |||
r-patched-linux-x86_64 | 1.0.2 | 2.47 | 35.80 | 38.27 | NOTE | |
r-release-linux-x86_64 | 1.0.2 | 2.10 | 35.10 | 37.20 | NOTE | |
r-release-macos-arm64 | 1.0.2 | NOTE | ||||
r-release-macos-x86_64 | 1.0.2 | NOTE | ||||
r-release-windows-x86_64 | 1.0.2 | 30.00 | 65.00 | 95.00 | NOTE | |
r-oldrel-macos-arm64 | 1.0.2 | NOTE | ||||
r-oldrel-macos-x86_64 | 1.0.2 | NOTE | ||||
r-oldrel-windows-ix86+x86_64 | 1.0.2 | 6.00 | 58.00 | 64.00 | NOTE |
Version: 1.0.2
Check: LazyData
Result: NOTE
'LazyData' is specified without a 'data' directory
Flavors: r-devel-linux-x86_64-debian-clang, r-devel-linux-x86_64-debian-gcc, r-devel-linux-x86_64-fedora-clang, r-devel-linux-x86_64-fedora-gcc, r-patched-linux-x86_64, r-release-linux-x86_64, r-release-macos-arm64, r-release-macos-x86_64, r-release-windows-x86_64, r-oldrel-macos-arm64, r-oldrel-macos-x86_64, r-oldrel-windows-ix86+x86_64