Last updated on 2022-04-24 03:52:30 CEST.
Flavor | Version | Tinstall | Tcheck | Ttotal | Status | Flags |
---|---|---|---|---|---|---|
r-devel-linux-x86_64-debian-clang | 0.2.1 | 405.67 | 184.59 | 590.26 | WARN | |
r-devel-linux-x86_64-debian-gcc | 0.2.1 | 346.99 | 161.61 | 508.60 | OK | |
r-devel-linux-x86_64-fedora-clang | 0.2.1 | 890.94 | WARN | |||
r-devel-linux-x86_64-fedora-gcc | 0.2.1 | 845.34 | OK | |||
r-patched-linux-x86_64 | 0.2.1 | 351.99 | 217.42 | 569.41 | OK | |
r-release-linux-x86_64 | 0.2.1 | 356.97 | 210.29 | 567.26 | OK | |
r-release-macos-arm64 | 0.2.1 | NOTE | ||||
r-release-macos-x86_64 | 0.2.1 | NOTE | ||||
r-release-windows-x86_64 | 0.2.1 | 300.00 | 192.00 | 492.00 | OK | |
r-oldrel-macos-arm64 | 0.2.1 | NOTE | ||||
r-oldrel-macos-x86_64 | 0.2.1 | NOTE | ||||
r-oldrel-windows-ix86+x86_64 | 0.2.1 | 947.00 | 215.00 | 1162.00 | NOTE |
Version: 0.2.1
Check: whether package can be installed
Result: WARN
Found the following significant warnings:
meshed_betalambdatau_sampler.cpp:126:12: warning: use of bitwise '&' with boolean operands [-Wbitwise-instead-of-logical]
meshed_lambda_sampler.cpp:225:10: warning: use of bitwise '&' with boolean operands [-Wbitwise-instead-of-logical]
meshed_w_sampler.cpp:296:12: warning: use of bitwise '&' with boolean operands [-Wbitwise-instead-of-logical]
Flavors: r-devel-linux-x86_64-debian-clang, r-devel-linux-x86_64-fedora-clang
Version: 0.2.1
Check: installed package size
Result: NOTE
installed size is 17.2Mb
sub-directories of 1Mb or more:
libs 16.0Mb
Flavors: r-devel-linux-x86_64-fedora-clang, r-release-macos-arm64, r-release-macos-x86_64, r-oldrel-macos-arm64, r-oldrel-macos-x86_64, r-oldrel-windows-ix86+x86_64